{"id":168,"date":"2019-03-02T08:36:08","date_gmt":"2019-03-02T08:36:08","guid":{"rendered":"https:\/\/holgerspexet-public.lysator.liu.se\/?page_id=168"},"modified":"2019-04-05T13:45:46","modified_gmt":"2019-04-05T13:45:46","slug":"2014-2","status":"publish","type":"page","link":"https:\/\/holgerspexet.se\/index.php\/om-holgerspexet\/tidigare-spex\/2014-2\/","title":{"rendered":"2014: Gangstern p\u00e5 Stj\u00e4rnornas krog"},"content":{"rendered":"\n<h2 class=\"wp-block-heading\">Gangstern p\u00e5 Stj\u00e4rnornas krog (2014)<\/h2>\n\n\n\n<figure class=\"wp-block-image\"><img fetchpriority=\"high\" decoding=\"async\" width=\"1272\" height=\"844\" src=\"https:\/\/holgerspexet-public.lysator.liu.se\/wp-content\/uploads\/2019\/03\/hannawilson2014-fight.jpg\" alt=\"\" class=\"wp-image-674\"\/><figcaption> Foto: Hanna Wilson (2014) <\/figcaption><\/figure>\n\n\n\n<p><strong>Karakt\u00e4rer<\/strong><em>: Cecile Tr\u00e9s-Points Olymp\u00e9, Gordon Moberg, Hen Solo (och Hanna), Leila Oregano, Lykke Skywalker, Ola-Ben Wasabi och Viktor Ejder<\/em><\/p>\n\n\n\n<p>I f\u00f6rbudstidens New York g\u00e5r det d\u00e5ligt f\u00f6r restaurang\u00e4garen V. Ejder och hans Stj\u00e4rnornas krog. K\u00f6ttgalne k\u00f6kschefen Gordon Morberg dubbelspelar f\u00f6r maffian under t\u00e4cknamnet Feta Bob, och Ejder \u00e4r skyldig dem stora pengar. N\u00e4r den guldkl\u00e4dda Cecile Tres-Points Olymp\u00e9 vill anordna v\u00e4lg\u00f6renhetsgala ser Ejder sin chans att roffa \u00e5t sig pengarna, samtidigt som han ut\u00f6var utpressning mot Leila Oregano f\u00f6r att via gifterm\u00e5l f\u00e5 del av hennes arv. <\/p>\n\n\n\n<figure class=\"wp-block-image\"><img decoding=\"async\" width=\"2048\" height=\"1356\" src=\"https:\/\/holgerspexet-public.lysator.liu.se\/wp-content\/uploads\/2019\/03\/DSC_9539.jpg\" alt=\"\" class=\"wp-image-679\"\/><figcaption>Foto: <a href=\"https:\/\/ceciliaolsson.com\/\">Cecilia Olsson <\/a>(2014)<\/figcaption><\/figure>\n\n\n\n<p>Leila v\u00e4nder sig till sitt enda hopp, uteliggaren Ola-Ben Wasabi, som tillsammans med k\u00f6ksflickan Lykke Skywalker tar upp kampen mot Ejder. Samtidigt f\u00f6r\u00e4lskar sig Leila i burleskdans\u00f6sen Hanna, som i sj\u00e4lva verket inte \u00e4r n\u00e5gon mindre \u00e4n den andra kocken p\u00e5 Stj\u00e4rnornas krog, Hen Solo. <\/p>\n\n\n\n<p>V\u00e4lg\u00f6renhetsgalan blir intensiv f\u00f6r Hen Solo, som tvingas vara tv\u00e5 personer samtidigt f\u00f6r att beh\u00e5lla b\u00e5de jobb och Leila, medan Ejder snor \u00e5t sig alla insamlade pengar. Lykke f\u00e5r tag p\u00e5 Ejder just som han ska br\u00e4nna ned krogen i ett f\u00f6rs\u00e4kringsbedr\u00e4gerif\u00f6rs\u00f6k, och i den intensiva striden avsl\u00f6jar Ejder att han \u00e4r Lykkes pappa. Det blir v\u00e4ndpunkten f\u00f6r Lykke, som sl\u00e5r sig samman med Feta Bob.<\/p>\n\n\n\n<ul class=\"wp-block-gallery columns-2 is-cropped wp-block-gallery-1 is-layout-flex wp-block-gallery-is-layout-flex\"><li class=\"blocks-gallery-item\"><figure><img decoding=\"async\" width=\"1272\" height=\"843\" src=\"https:\/\/holgerspexet-public.lysator.liu.se\/wp-content\/uploads\/2019\/03\/hannawilson2014-cecile.jpg\" alt=\"\" data-id=\"675\" data-link=\"https:\/\/holgerspexet-public.lysator.liu.se\/index.php\/test2\/tidigare-spex\/2014-2\/hannawilson2014-cecile\/\" class=\"wp-image-675\"\/><figcaption> <br>Foto: Hanna Wilson (2014) <\/figcaption><\/figure><\/li><li class=\"blocks-gallery-item\"><figure><img loading=\"lazy\" decoding=\"async\" width=\"1276\" height=\"846\" src=\"https:\/\/holgerspexet-public.lysator.liu.se\/wp-content\/uploads\/2019\/03\/hannawilson2014-hanna-och-leila.jpg\" alt=\"\" data-id=\"676\" data-link=\"https:\/\/holgerspexet-public.lysator.liu.se\/index.php\/test2\/tidigare-spex\/2014-2\/hannawilson2014-hanna-och-leila\/\" class=\"wp-image-676\"\/><figcaption> <br>Foto: Hanna Wilson (2014) <\/figcaption><\/figure><\/li><\/ul>\n\n\n\n<p>Ola-Ben r\u00e4ddar Leila undan utpressningen, s\u00e5 att hon till slut kan f\u00e5 sin Hen Solo, efter att det framkommit att det \u00e4r han som \u00e4r den som hon som \u00e4r Hanna. Lykke och Gordon skjuter den allt mer desperata Ejder, och tar \u00f6ver hela restaurangen. Med finansiell hj\u00e4lp fr\u00e5n Cecile startas s\u00e5 en ny era i krogens historia n\u00e4r det gamla g\u00e5tt i konken \u2013 v\u00e4lkommen till det nya nu: Donken.<\/p>\n\n\n\n<ul class=\"wp-block-gallery columns-1 is-cropped wp-block-gallery-2 is-layout-flex wp-block-gallery-is-layout-flex\"><li class=\"blocks-gallery-item\"><figure><img loading=\"lazy\" decoding=\"async\" width=\"1273\" height=\"845\" src=\"https:\/\/holgerspexet-public.lysator.liu.se\/wp-content\/uploads\/2019\/03\/hannawilson2014-hen.jpg\" alt=\"\" data-id=\"677\" class=\"wp-image-677\"\/><figcaption>Foto: Hanna Wilson (2014)<\/figcaption><\/figure><\/li><\/ul>\n","protected":false},"excerpt":{"rendered":"<p>Gangstern p\u00e5 Stj\u00e4rnornas krog (2014) Karakt\u00e4rer: Cecile Tr\u00e9s-Points Olymp\u00e9, Gordon Moberg, Hen Solo (och Hanna), Leila Oregano, Lykke Skywalker, Ola-Ben Wasabi och Viktor Ejder I f\u00f6rbudstidens New York g\u00e5r det d\u00e5ligt f\u00f6r restaurang\u00e4garen V. Ejder och hans Stj\u00e4rnornas krog. K\u00f6ttgalne k\u00f6kschefen Gordon Morberg dubbelspelar f\u00f6r maffian under t\u00e4cknamnet Feta Bob, och Ejder \u00e4r skyldig dem stora pengar. N\u00e4r den guldkl\u00e4dda Cecile Tres-Points Olymp\u00e9 vill anordna v\u00e4lg\u00f6renhetsgala ser Ejder sin chans att roffa \u00e5t sig pengarna, samtidigt som han ut\u00f6var utpressning mot Leila Oregano f\u00f6r att via gifterm\u00e5l f\u00e5 del av hennes arv. Leila v\u00e4nder sig till sitt enda hopp, uteliggaren Ola-Ben Wasabi, som tillsammans med k\u00f6ksflickan Lykke Skywalker tar upp kampen mot Ejder. Samtidigt f\u00f6r\u00e4lskar sig Leila i burleskdans\u00f6sen Hanna, som i sj\u00e4lva verket inte \u00e4r n\u00e5gon mindre \u00e4n den andra kocken p\u00e5 Stj\u00e4rnornas krog, Hen Solo. V\u00e4lg\u00f6renhetsgalan blir intensiv f\u00f6r Hen Solo, som tvingas vara tv\u00e5 personer samtidigt f\u00f6r&hellip;<\/p>\n<p> <a class=\"more-link\" href=\"https:\/\/holgerspexet.se\/index.php\/om-holgerspexet\/tidigare-spex\/2014-2\/\">Read more<\/a><\/p>\n","protected":false},"author":9,"featured_media":0,"parent":38,"menu_order":6,"comment_status":"closed","ping_status":"closed","template":"","meta":{"inline_featured_image":false,"footnotes":""},"class_list":["post-168","page","type-page","status-publish"],"_links":{"self":[{"href":"https:\/\/holgerspexet.se\/index.php\/wp-json\/wp\/v2\/pages\/168","targetHints":{"allow":["GET"]}}],"collection":[{"href":"https:\/\/holgerspexet.se\/index.php\/wp-json\/wp\/v2\/pages"}],"about":[{"href":"https:\/\/holgerspexet.se\/index.php\/wp-json\/wp\/v2\/types\/page"}],"author":[{"embeddable":true,"href":"https:\/\/holgerspexet.se\/index.php\/wp-json\/wp\/v2\/users\/9"}],"replies":[{"embeddable":true,"href":"https:\/\/holgerspexet.se\/index.php\/wp-json\/wp\/v2\/comments?post=168"}],"version-history":[{"count":11,"href":"https:\/\/holgerspexet.se\/index.php\/wp-json\/wp\/v2\/pages\/168\/revisions"}],"predecessor-version":[{"id":1156,"href":"https:\/\/holgerspexet.se\/index.php\/wp-json\/wp\/v2\/pages\/168\/revisions\/1156"}],"up":[{"embeddable":true,"href":"https:\/\/holgerspexet.se\/index.php\/wp-json\/wp\/v2\/pages\/38"}],"wp:attachment":[{"href":"https:\/\/holgerspexet.se\/index.php\/wp-json\/wp\/v2\/media?parent=168"}],"curies":[{"name":"wp","href":"https:\/\/api.w.org\/{rel}","templated":true}]}}