{"id":172,"date":"2019-03-02T08:41:04","date_gmt":"2019-03-02T08:41:04","guid":{"rendered":"https:\/\/holgerspexet-public.lysator.liu.se\/?page_id=172"},"modified":"2019-04-05T13:45:09","modified_gmt":"2019-04-05T13:45:09","slug":"2012-basker-villes-hund","status":"publish","type":"page","link":"https:\/\/holgerspexet.se\/index.php\/om-holgerspexet\/tidigare-spex\/2012-basker-villes-hund\/","title":{"rendered":"2012: Basker-Villes hund"},"content":{"rendered":"\n<h2 class=\"wp-block-heading\">Basker-Villes hund (2012)<\/h2>\n\n\n\n<figure class=\"wp-block-image\"><img fetchpriority=\"high\" decoding=\"async\" width=\"1222\" height=\"851\" src=\"https:\/\/holgerspexet-public.lysator.liu.se\/wp-content\/uploads\/2019\/03\/mattiaskristiansson2012-soffan.jpg\" alt=\"\" class=\"wp-image-727\"\/><figcaption>Foto: Mattias Kristiansson (2012)<\/figcaption><\/figure>\n\n\n\n<p><strong>Karakt\u00e4rer<\/strong>: <em>Elvira Ketchup, Fader Nikolaus, Jacob Marley, Klaus Barx, <\/em> <br><em>Lektor Joel-P\u00e4r Sekondsson, Shirlie Holmes, Vilgot &#8220;Basker-Ville&#8221;\/Mary Artig och \u00d6verste Ketchup<\/em><\/p>\n\n\n\n<p>Ett gifterm\u00e5l stundar i juletid hemma hos familjen Ketchup i en \u00f6verklassboning i London i slutet av 1800-talet. Brudgummen Jacob Marley \u00e4r egentligen i maskopi med pr\u00e4sten fader Nikolaus och de vill tillsammans komma \u00e5t \u00d6verste Ketchups f\u00f6rm\u00f6genhet samt en adelstitel. De kidnappar d\u00e4rf\u00f6r springpojken Basker-Villes hund f\u00f6r att han i sin tur ska utpressa \u00d6verste Ketchup. Den fasansfulla hemlighet som de hotar att avsl\u00f6ja \u00e4r att \u00d6versten har&#8230; wait for it&#8230; tyskt ursprung! Detta tyska ursprung yttrar sig dock redan mycket tydligt genom \u00d6verstens tyska kusin tillika husfilosof Klaus Barx som bryter p\u00e5 tyska och som dessutom visar starka politiskt revolution\u00e4ra tendenser.<\/p>\n\n\n\n<ul class=\"wp-block-gallery columns-2 is-cropped wp-block-gallery-1 is-layout-flex wp-block-gallery-is-layout-flex\"><li class=\"blocks-gallery-item\"><figure><img decoding=\"async\" width=\"862\" height=\"847\" src=\"https:\/\/holgerspexet-public.lysator.liu.se\/wp-content\/uploads\/2019\/03\/mattiaskristiansson2012-marleyochelvira.jpg\" alt=\"\" data-id=\"729\" data-link=\"https:\/\/holgerspexet-public.lysator.liu.se\/index.php\/test2\/tidigare-spex\/2012-basker-villes-hund\/mattiaskristiansson2012-marleyochelvira\/\" class=\"wp-image-729\"\/><figcaption> <br>Foto: Mattias Kristiansson (2012) <\/figcaption><\/figure><\/li><li class=\"blocks-gallery-item\"><figure><img decoding=\"async\" width=\"1097\" height=\"849\" src=\"https:\/\/holgerspexet-public.lysator.liu.se\/wp-content\/uploads\/2019\/03\/mattiaskristiansson2012-shirleochjoel.jpg\" alt=\"\" data-id=\"730\" data-link=\"https:\/\/holgerspexet-public.lysator.liu.se\/index.php\/test2\/tidigare-spex\/2012-basker-villes-hund\/mattiaskristiansson2012-shirleochjoel\/\" class=\"wp-image-730\"\/><figcaption> <br>Foto: Mattias Kristiansson (2012) <\/figcaption><\/figure><\/li><\/ul>\n\n\n\n<ul class=\"wp-block-gallery columns-2 is-cropped wp-block-gallery-2 is-layout-flex wp-block-gallery-is-layout-flex\"><li class=\"blocks-gallery-item\"><figure><img loading=\"lazy\" decoding=\"async\" width=\"925\" height=\"845\" src=\"https:\/\/holgerspexet-public.lysator.liu.se\/wp-content\/uploads\/2019\/03\/mattiaskristiansson2012-klausbarx.jpg\" alt=\"\" data-id=\"735\" data-link=\"https:\/\/holgerspexet-public.lysator.liu.se\/index.php\/test2\/tidigare-spex\/2012-basker-villes-hund\/mattiaskristiansson2012-klausbarx\/\" class=\"wp-image-735\"\/><figcaption>Foto: Mattias Krisitansson (2012)<\/figcaption><\/figure><\/li><li class=\"blocks-gallery-item\"><figure><img loading=\"lazy\" decoding=\"async\" width=\"925\" height=\"851\" src=\"https:\/\/holgerspexet-public.lysator.liu.se\/wp-content\/uploads\/2019\/03\/mattiaskristiansson2012-studio-1.jpg\" alt=\"\" data-id=\"736\" data-link=\"https:\/\/holgerspexet-public.lysator.liu.se\/index.php\/test2\/tidigare-spex\/2012-basker-villes-hund\/mattiaskristiansson2012-studio-2\/\" class=\"wp-image-736\"\/><figcaption> <br>Foto: Mattias Krisitansson (2012) <\/figcaption><\/figure><\/li><\/ul>\n\n\n\n<p>\u00d6verste Ketchups sv\u00e4gerska Shirlie Holmes kommer med sin trogne v\u00e4n Joel-P\u00e4r Sekondson f\u00f6r att fira julen, men pl\u00f6tsligt finner man Jacob Marley d\u00f6d i salongen. Shirlie b\u00f6rjar utreda fallet och lyckas med tveksamma slutledningar felaktigt att peka ut alla i huset minst en g\u00e5ng. Fallet l\u00f6ses till slut av Basker-Ville som bevisar att det faktiskt var Shirlie sj\u00e4lv som m\u00f6rdat Marley i ett abstinensrus fr\u00e5n sherry, och hon minns inget av d\u00e5det. Basker-Ville avsl\u00f6jar sig som tjej och blir Mary Artig \u2013 professor i brott. Klaus Barx tar sina socialistiska \u00f6vertygelser ett steg l\u00e4ngre och blir jultomten.<\/p>\n\n\n\n<figure class=\"wp-block-image\"><img loading=\"lazy\" decoding=\"async\" width=\"1276\" height=\"847\" src=\"https:\/\/holgerspexet-public.lysator.liu.se\/wp-content\/uploads\/2019\/03\/mattiaskristiansson2012-dansen.jpg\" alt=\"\" class=\"wp-image-731\"\/><figcaption> Foto: Mattias Kristiansson (2012) <\/figcaption><\/figure>\n","protected":false},"excerpt":{"rendered":"<p>Basker-Villes hund (2012) Karakt\u00e4rer: Elvira Ketchup, Fader Nikolaus, Jacob Marley, Klaus Barx, Lektor Joel-P\u00e4r Sekondsson, Shirlie Holmes, Vilgot &#8220;Basker-Ville&#8221;\/Mary Artig och \u00d6verste Ketchup Ett gifterm\u00e5l stundar i juletid hemma hos familjen Ketchup i en \u00f6verklassboning i London i slutet av 1800-talet. Brudgummen Jacob Marley \u00e4r egentligen i maskopi med pr\u00e4sten fader Nikolaus och de vill tillsammans komma \u00e5t \u00d6verste Ketchups f\u00f6rm\u00f6genhet samt en adelstitel. De kidnappar d\u00e4rf\u00f6r springpojken Basker-Villes hund f\u00f6r att han i sin tur ska utpressa \u00d6verste Ketchup. Den fasansfulla hemlighet som de hotar att avsl\u00f6ja \u00e4r att \u00d6versten har&#8230; wait for it&#8230; tyskt ursprung! Detta tyska ursprung yttrar sig dock redan mycket tydligt genom \u00d6verstens tyska kusin tillika husfilosof Klaus Barx som bryter p\u00e5 tyska och som dessutom visar starka politiskt revolution\u00e4ra tendenser. \u00d6verste Ketchups sv\u00e4gerska Shirlie Holmes kommer med sin trogne v\u00e4n Joel-P\u00e4r Sekondson f\u00f6r att fira julen, men pl\u00f6tsligt finner man Jacob Marley d\u00f6d i&hellip;<\/p>\n<p> <a class=\"more-link\" href=\"https:\/\/holgerspexet.se\/index.php\/om-holgerspexet\/tidigare-spex\/2012-basker-villes-hund\/\">Read more<\/a><\/p>\n","protected":false},"author":9,"featured_media":0,"parent":38,"menu_order":8,"comment_status":"closed","ping_status":"closed","template":"","meta":{"inline_featured_image":false,"footnotes":""},"class_list":["post-172","page","type-page","status-publish"],"_links":{"self":[{"href":"https:\/\/holgerspexet.se\/index.php\/wp-json\/wp\/v2\/pages\/172","targetHints":{"allow":["GET"]}}],"collection":[{"href":"https:\/\/holgerspexet.se\/index.php\/wp-json\/wp\/v2\/pages"}],"about":[{"href":"https:\/\/holgerspexet.se\/index.php\/wp-json\/wp\/v2\/types\/page"}],"author":[{"embeddable":true,"href":"https:\/\/holgerspexet.se\/index.php\/wp-json\/wp\/v2\/users\/9"}],"replies":[{"embeddable":true,"href":"https:\/\/holgerspexet.se\/index.php\/wp-json\/wp\/v2\/comments?post=172"}],"version-history":[{"count":6,"href":"https:\/\/holgerspexet.se\/index.php\/wp-json\/wp\/v2\/pages\/172\/revisions"}],"predecessor-version":[{"id":1154,"href":"https:\/\/holgerspexet.se\/index.php\/wp-json\/wp\/v2\/pages\/172\/revisions\/1154"}],"up":[{"embeddable":true,"href":"https:\/\/holgerspexet.se\/index.php\/wp-json\/wp\/v2\/pages\/38"}],"wp:attachment":[{"href":"https:\/\/holgerspexet.se\/index.php\/wp-json\/wp\/v2\/media?parent=172"}],"curies":[{"name":"wp","href":"https:\/\/api.w.org\/{rel}","templated":true}]}}