{"id":191,"date":"2019-03-03T12:34:18","date_gmt":"2019-03-03T12:34:18","guid":{"rendered":"https:\/\/holgerspexet-public.lysator.liu.se\/?page_id=191"},"modified":"2019-04-05T13:42:44","modified_gmt":"2019-04-05T13:42:44","slug":"2008-gustav-iii","status":"publish","type":"page","link":"https:\/\/holgerspexet.se\/index.php\/om-holgerspexet\/tidigare-spex\/2008-gustav-iii\/","title":{"rendered":"2008: Gustav III"},"content":{"rendered":"\n<h2 class=\"wp-block-heading\">Gustav III (2008)<\/h2>\n\n\n\n<figure class=\"wp-block-image\"><img fetchpriority=\"high\" decoding=\"async\" width=\"1274\" height=\"849\" src=\"https:\/\/holgerspexet-public.lysator.liu.se\/wp-content\/uploads\/2019\/04\/gustavIII2008.jpg\" alt=\"\" class=\"wp-image-997\"\/><figcaption>Foto: Rikard Nordin (2008)<\/figcaption><\/figure>\n\n\n\n<p><strong>Karakt\u00e4rer<\/strong>: <em>Axel von Fersen, Banckarstr\u00f6m, Bellman, Gammel-Gustav, Gustav, Maria Toalett, Sofia Magdalena<\/em><\/p>\n\n\n\n<p>Gustav, kung av Sverige, vantrivs p\u00e5 jobbet. Allt g\u00e5r ut p\u00e5 att regera och best\u00e4mma, men Gustav tycker mycket b\u00e4ttre om att sjunga, spela och skriva visor. Gustavs fru, drottning Sofia Magdalena, tycker d\u00e4remot v\u00e4ldigt mycket om att regera och best\u00e4mma. N\u00e4r Axel von Fersen (malen, inte blandad) \u00e5terv\u00e4nder fr\u00e5n Frankrike tillsammans med Maria Toalett, som flyr den industriella revolutionen, s\u00e5 \u00f6vertalar Axel Sofia att starta en komplott f\u00f6r att f\u00e5 Gustav d\u00f6dad. Axel kontaktar sin gamla lumparkompis Banckarstr\u00f6m och ger honom i uppdrag att d\u00f6da kungen.<\/p>\n\n\n\n<ul class=\"wp-block-gallery columns-2 is-cropped wp-block-gallery-1 is-layout-flex wp-block-gallery-is-layout-flex\"><li class=\"blocks-gallery-item\"><figure><img decoding=\"async\" width=\"1272\" height=\"849\" src=\"https:\/\/holgerspexet-public.lysator.liu.se\/wp-content\/uploads\/2019\/04\/sofiamagdalenaochaxelvonfersen2008.jpg\" alt=\"\" data-id=\"1003\" data-link=\"https:\/\/holgerspexet-public.lysator.liu.se\/index.php\/test2\/tidigare-spex\/2008-gustav-iii\/sofiamagdalenaochaxelvonfersen2008\/\" class=\"wp-image-1003\"\/><figcaption>Foto: Rikard Nordin (2008)<\/figcaption><\/figure><\/li><li class=\"blocks-gallery-item\"><figure><img decoding=\"async\" width=\"1273\" height=\"841\" src=\"https:\/\/holgerspexet-public.lysator.liu.se\/wp-content\/uploads\/2019\/04\/banckarstr\u00f6m2008.jpg\" alt=\"\" data-id=\"1007\" data-link=\"https:\/\/holgerspexet-public.lysator.liu.se\/index.php\/test2\/tidigare-spex\/2008-gustav-iii\/banckarstrom2008\/\" class=\"wp-image-1007\"\/><figcaption>Foto: Rikard Nordin (2008)<\/figcaption><\/figure><\/li><\/ul>\n\n\n\n<p>Under tiden har Gustav och Maria b\u00f6rjat planera en galakv\u00e4ll f\u00f6r att samla pengar till offren efter industriella revolutionen. Medan de planerar den g\u00f6r Banckarstr\u00f6m ett antal f\u00f6rs\u00f6k att d\u00f6da Gustav, men den enda som r\u00e5kar illa ut \u00e4r Gammel-Gustav, Gustav III:s anfader som fortfarande bor kvar i slottet eftersom han v\u00e4grar d\u00f6. Till slut inser Gustav att n\u00e5gon \u00e4r ute efter att ta livet av honom. F\u00f6r att f\u00f6rs\u00f6ka lista ut vem som f\u00f6rs\u00f6ker ta livet av honom byter Gustav plats med sin gamle kamrat, fyllbulten Bellman, som blir \u00f6verlycklig \u00f6ver att f\u00e5 vara kung f\u00f6r en dag.<\/p>\n\n\n\n<figure class=\"wp-block-image\"><img loading=\"lazy\" decoding=\"async\" width=\"1279\" height=\"847\" src=\"https:\/\/holgerspexet-public.lysator.liu.se\/wp-content\/uploads\/2019\/04\/trio2008-1.jpg\" alt=\"\" class=\"wp-image-1005\"\/><figcaption>Foto: Rikard Nordin (2008)<\/figcaption><\/figure>\n\n\n\n<figure class=\"wp-block-image\"><img loading=\"lazy\" decoding=\"async\" width=\"1271\" height=\"847\" src=\"https:\/\/holgerspexet-public.lysator.liu.se\/wp-content\/uploads\/2019\/04\/bellman2008.jpg\" alt=\"\" class=\"wp-image-1009\"\/><figcaption>Foto: Rikard Nordin (2008)<\/figcaption><\/figure>\n\n\n\n<p>Balen kommer och Bellman blir skjuten. Gustav blir ledsen, men inser att det h\u00e4r \u00e4r hans chans att slippa regera. Han forts\u00e4tter ist\u00e4llet att spela rollen som Bellman, och flyr slottet tillsammans med Maria. Sofia inser inte att fel person \u00e4r skjuten, utan tror Gustav \u00e4r d\u00f6d och forts\u00e4tter att regera tillsammans med Axel. Banckarstr\u00f6m f\u00f6rsvinner med liket, och gammel-Gustav f\u00e5r uppr\u00e4ttelse efter alla missriktade attacker genom att historien skrivs om och utm\u00e5lar gammel-Gustav som en hj\u00e4ltekonung, Gustav Vas\u00e1?<\/p>\n\n\n\n<figure class=\"wp-block-image\"><img loading=\"lazy\" decoding=\"async\" width=\"1275\" height=\"848\" src=\"https:\/\/holgerspexet-public.lysator.liu.se\/wp-content\/uploads\/2019\/04\/koren2008.jpg\" alt=\"\" class=\"wp-image-1011\"\/><figcaption>Foto: Rikard Nordin (2008)<\/figcaption><\/figure>\n\n\n\n<figure class=\"wp-block-image\"><img loading=\"lazy\" decoding=\"async\" width=\"1271\" height=\"848\" src=\"https:\/\/holgerspexet-public.lysator.liu.se\/wp-content\/uploads\/2019\/04\/gustavIIIgrupp2008.jpg\" alt=\"\" class=\"wp-image-1015\"\/><figcaption>Foto: Rikard Nordin (2008)<\/figcaption><\/figure>\n","protected":false},"excerpt":{"rendered":"<p>Gustav III (2008) Karakt\u00e4rer: Axel von Fersen, Banckarstr\u00f6m, Bellman, Gammel-Gustav, Gustav, Maria Toalett, Sofia Magdalena Gustav, kung av Sverige, vantrivs p\u00e5 jobbet. Allt g\u00e5r ut p\u00e5 att regera och best\u00e4mma, men Gustav tycker mycket b\u00e4ttre om att sjunga, spela och skriva visor. Gustavs fru, drottning Sofia Magdalena, tycker d\u00e4remot v\u00e4ldigt mycket om att regera och best\u00e4mma. N\u00e4r Axel von Fersen (malen, inte blandad) \u00e5terv\u00e4nder fr\u00e5n Frankrike tillsammans med Maria Toalett, som flyr den industriella revolutionen, s\u00e5 \u00f6vertalar Axel Sofia att starta en komplott f\u00f6r att f\u00e5 Gustav d\u00f6dad. Axel kontaktar sin gamla lumparkompis Banckarstr\u00f6m och ger honom i uppdrag att d\u00f6da kungen. Under tiden har Gustav och Maria b\u00f6rjat planera en galakv\u00e4ll f\u00f6r att samla pengar till offren efter industriella revolutionen. Medan de planerar den g\u00f6r Banckarstr\u00f6m ett antal f\u00f6rs\u00f6k att d\u00f6da Gustav, men den enda som r\u00e5kar illa ut \u00e4r Gammel-Gustav, Gustav III:s anfader som fortfarande bor kvar i&hellip;<\/p>\n<p> <a class=\"more-link\" href=\"https:\/\/holgerspexet.se\/index.php\/om-holgerspexet\/tidigare-spex\/2008-gustav-iii\/\">Read more<\/a><\/p>\n","protected":false},"author":9,"featured_media":0,"parent":38,"menu_order":13,"comment_status":"closed","ping_status":"closed","template":"","meta":{"inline_featured_image":false,"footnotes":""},"class_list":["post-191","page","type-page","status-publish"],"_links":{"self":[{"href":"https:\/\/holgerspexet.se\/index.php\/wp-json\/wp\/v2\/pages\/191","targetHints":{"allow":["GET"]}}],"collection":[{"href":"https:\/\/holgerspexet.se\/index.php\/wp-json\/wp\/v2\/pages"}],"about":[{"href":"https:\/\/holgerspexet.se\/index.php\/wp-json\/wp\/v2\/types\/page"}],"author":[{"embeddable":true,"href":"https:\/\/holgerspexet.se\/index.php\/wp-json\/wp\/v2\/users\/9"}],"replies":[{"embeddable":true,"href":"https:\/\/holgerspexet.se\/index.php\/wp-json\/wp\/v2\/comments?post=191"}],"version-history":[{"count":8,"href":"https:\/\/holgerspexet.se\/index.php\/wp-json\/wp\/v2\/pages\/191\/revisions"}],"predecessor-version":[{"id":1147,"href":"https:\/\/holgerspexet.se\/index.php\/wp-json\/wp\/v2\/pages\/191\/revisions\/1147"}],"up":[{"embeddable":true,"href":"https:\/\/holgerspexet.se\/index.php\/wp-json\/wp\/v2\/pages\/38"}],"wp:attachment":[{"href":"https:\/\/holgerspexet.se\/index.php\/wp-json\/wp\/v2\/media?parent=191"}],"curies":[{"name":"wp","href":"https:\/\/api.w.org\/{rel}","templated":true}]}}