{"id":195,"date":"2019-03-03T12:41:16","date_gmt":"2019-03-03T12:41:16","guid":{"rendered":"https:\/\/holgerspexet-public.lysator.liu.se\/?page_id=195"},"modified":"2019-04-05T13:41:56","modified_gmt":"2019-04-05T13:41:56","slug":"2006-lucifer","status":"publish","type":"page","link":"https:\/\/holgerspexet.se\/index.php\/om-holgerspexet\/tidigare-spex\/2006-lucifer\/","title":{"rendered":"2006: Lucifer &#8211; en skaplig historia"},"content":{"rendered":"\n<h2 class=\"wp-block-heading\">Lucifer &#8211; en skaplig historia (2006)<\/h2>\n\n\n\n<figure class=\"wp-block-image\"><img fetchpriority=\"high\" decoding=\"async\" width=\"1204\" height=\"989\" src=\"https:\/\/holgerspexet-public.lysator.liu.se\/wp-content\/uploads\/2019\/04\/img_0949.jpg\" alt=\"\" class=\"wp-image-1051\"\/><figcaption>Foto: Rikard von Essen (2006)<\/figcaption><\/figure>\n\n\n\n<p><strong>Karakt\u00e4rer<\/strong>: <em>Adam, Baal, Bull, Eva, Gabriel, Gud, Lilith, Lucifer och Metatron<\/em><\/p>\n\n\n\n<p>Nytt \u00e5r &#8211; ny religion. P\u00e5 det hypermoderna Eden Office slipade \u00e4rke\u00e4nglarna Gabriel och Lucifer p\u00e5 det sista i skapelsen medan Gud tog ut flex p\u00e5 sjunde dagen. Tyv\u00e4rr var den senaste kreationen, Projekt M (m\u00e4nniskan), utrustad med en fri vilja som gjorde Gabriels f\u00f6rs\u00f6k att hj\u00e4lpa dem till r\u00e4tta helt verkningsl\u00f6sa. <\/p>\n\n\n\n<ul class=\"wp-block-gallery columns-2 is-cropped wp-block-gallery-1 is-layout-flex wp-block-gallery-is-layout-flex\"><li class=\"blocks-gallery-item\"><figure><img decoding=\"async\" width=\"1599\" height=\"1066\" src=\"https:\/\/holgerspexet-public.lysator.liu.se\/wp-content\/uploads\/2019\/04\/img_1086.jpg\" alt=\"\" data-id=\"1058\" data-link=\"https:\/\/holgerspexet-public.lysator.liu.se\/index.php\/test2\/tidigare-spex\/2006-lucifer\/img_1086\/\" class=\"wp-image-1058\"\/><figcaption> <br>Foto: Rikard von Essen (2006) <\/figcaption><\/figure><\/li><li class=\"blocks-gallery-item\"><figure><img decoding=\"async\" width=\"1599\" height=\"1066\" src=\"https:\/\/holgerspexet-public.lysator.liu.se\/wp-content\/uploads\/2019\/04\/img_1323.jpg\" alt=\"\" data-id=\"1059\" data-link=\"https:\/\/holgerspexet-public.lysator.liu.se\/index.php\/test2\/tidigare-spex\/2006-lucifer\/img_1323\/\" class=\"wp-image-1059\"\/><figcaption> <br>Foto: Rikard von Essen (2006) <\/figcaption><\/figure><\/li><\/ul>\n\n\n\n<p>P\u00e5 rymmen i Eden f\u00f6rf\u00f6rdes Adam av Lilith, halv\u00e4ngel och praktikant p\u00e5 Eden Office. Eva plockades upp av avgudarna Baal och Bull f\u00f6r att ing\u00e5 i deras sekt och den projektansvarige Lucifer stod handfallen. Utkl\u00e4dd till orm fick han Eva att \u00e4ta kunskapens frukt f\u00f6r att f\u00f6rs\u00f6ka bromsa den skenande processen. I st\u00e4llet anv\u00e4nde m\u00e4nniskorna sin nya intelligens till att sk\u00f6vla Eden och bygga ett dokus\u00e5pa-paradis. <\/p>\n\n\n\n<ul class=\"wp-block-gallery columns-2 is-cropped wp-block-gallery-2 is-layout-flex wp-block-gallery-is-layout-flex\"><li class=\"blocks-gallery-item\"><figure><img loading=\"lazy\" decoding=\"async\" width=\"1599\" height=\"1066\" src=\"https:\/\/holgerspexet-public.lysator.liu.se\/wp-content\/uploads\/2019\/04\/img_1563.jpg\" alt=\"\" data-id=\"1060\" data-link=\"https:\/\/holgerspexet-public.lysator.liu.se\/index.php\/test2\/tidigare-spex\/2006-lucifer\/img_1563\/\" class=\"wp-image-1060\"\/><figcaption> <br>Foto: Rikard von Essen (2006) <\/figcaption><\/figure><\/li><li class=\"blocks-gallery-item\"><figure><img loading=\"lazy\" decoding=\"async\" width=\"1599\" height=\"1066\" src=\"https:\/\/holgerspexet-public.lysator.liu.se\/wp-content\/uploads\/2019\/04\/img_1586.jpg\" alt=\"\" data-id=\"1061\" data-link=\"https:\/\/holgerspexet-public.lysator.liu.se\/index.php\/test2\/tidigare-spex\/2006-lucifer\/img_1586\/\" class=\"wp-image-1061\"\/><figcaption> <br>Foto: Rikard von Essen (2006) <\/figcaption><\/figure><\/li><\/ul>\n\n\n\n<figure class=\"wp-block-image\"><img loading=\"lazy\" decoding=\"async\" width=\"1599\" height=\"1066\" src=\"https:\/\/holgerspexet-public.lysator.liu.se\/wp-content\/uploads\/2019\/04\/img_1672.jpg\" alt=\"\" class=\"wp-image-1053\"\/><figcaption>Foto: Rikard von Essen (2006)<\/figcaption><\/figure>\n\n\n\n<p>De forna v\u00e4nnerna Gabriel och Lucifer hamnade i konflikt om hur problemet skulle l\u00f6sas, men Lucifers l\u00f6sning att imitera Gud f\u00f6r att f\u00e5 dem att lyda honom ledde till att Gud kom p\u00e5 honom och kastade ut honom fr\u00e5n Eden. Reaktionen fr\u00e5n Lucifer och Lilith blev den ultimata h\u00e4mnden &#8211; &#8220;L\u00e5t syndarna b\u00e4va f\u00f6r den Centrala Studiest\u00f6dsn\u00e4mnden&#8221;.<\/p>\n\n\n\n<figure class=\"wp-block-image\"><img loading=\"lazy\" decoding=\"async\" width=\"1599\" height=\"1066\" src=\"https:\/\/holgerspexet-public.lysator.liu.se\/wp-content\/uploads\/2019\/04\/img_1848.jpg\" alt=\"\" class=\"wp-image-1056\"\/><figcaption>Foto: Rikard von Essen (2006) <\/figcaption><\/figure>\n\n\n\n<figure class=\"wp-block-image\"><img loading=\"lazy\" decoding=\"async\" width=\"1599\" height=\"1066\" src=\"https:\/\/holgerspexet-public.lysator.liu.se\/wp-content\/uploads\/2019\/04\/img_1897.jpg\" alt=\"\" class=\"wp-image-1054\"\/><figcaption> Foto: Rikard von Essen (2006) <\/figcaption><\/figure>\n","protected":false},"excerpt":{"rendered":"<p>Lucifer &#8211; en skaplig historia (2006) Karakt\u00e4rer: Adam, Baal, Bull, Eva, Gabriel, Gud, Lilith, Lucifer och Metatron Nytt \u00e5r &#8211; ny religion. P\u00e5 det hypermoderna Eden Office slipade \u00e4rke\u00e4nglarna Gabriel och Lucifer p\u00e5 det sista i skapelsen medan Gud tog ut flex p\u00e5 sjunde dagen. Tyv\u00e4rr var den senaste kreationen, Projekt M (m\u00e4nniskan), utrustad med en fri vilja som gjorde Gabriels f\u00f6rs\u00f6k att hj\u00e4lpa dem till r\u00e4tta helt verkningsl\u00f6sa. P\u00e5 rymmen i Eden f\u00f6rf\u00f6rdes Adam av Lilith, halv\u00e4ngel och praktikant p\u00e5 Eden Office. Eva plockades upp av avgudarna Baal och Bull f\u00f6r att ing\u00e5 i deras sekt och den projektansvarige Lucifer stod handfallen. Utkl\u00e4dd till orm fick han Eva att \u00e4ta kunskapens frukt f\u00f6r att f\u00f6rs\u00f6ka bromsa den skenande processen. I st\u00e4llet anv\u00e4nde m\u00e4nniskorna sin nya intelligens till att sk\u00f6vla Eden och bygga ett dokus\u00e5pa-paradis. De forna v\u00e4nnerna Gabriel och Lucifer hamnade i konflikt om hur problemet skulle l\u00f6sas, men&hellip;<\/p>\n<p> <a class=\"more-link\" href=\"https:\/\/holgerspexet.se\/index.php\/om-holgerspexet\/tidigare-spex\/2006-lucifer\/\">Read more<\/a><\/p>\n","protected":false},"author":9,"featured_media":0,"parent":38,"menu_order":15,"comment_status":"closed","ping_status":"closed","template":"","meta":{"inline_featured_image":false,"footnotes":""},"class_list":["post-195","page","type-page","status-publish"],"_links":{"self":[{"href":"https:\/\/holgerspexet.se\/index.php\/wp-json\/wp\/v2\/pages\/195","targetHints":{"allow":["GET"]}}],"collection":[{"href":"https:\/\/holgerspexet.se\/index.php\/wp-json\/wp\/v2\/pages"}],"about":[{"href":"https:\/\/holgerspexet.se\/index.php\/wp-json\/wp\/v2\/types\/page"}],"author":[{"embeddable":true,"href":"https:\/\/holgerspexet.se\/index.php\/wp-json\/wp\/v2\/users\/9"}],"replies":[{"embeddable":true,"href":"https:\/\/holgerspexet.se\/index.php\/wp-json\/wp\/v2\/comments?post=195"}],"version-history":[{"count":11,"href":"https:\/\/holgerspexet.se\/index.php\/wp-json\/wp\/v2\/pages\/195\/revisions"}],"predecessor-version":[{"id":1145,"href":"https:\/\/holgerspexet.se\/index.php\/wp-json\/wp\/v2\/pages\/195\/revisions\/1145"}],"up":[{"embeddable":true,"href":"https:\/\/holgerspexet.se\/index.php\/wp-json\/wp\/v2\/pages\/38"}],"wp:attachment":[{"href":"https:\/\/holgerspexet.se\/index.php\/wp-json\/wp\/v2\/media?parent=195"}],"curies":[{"name":"wp","href":"https:\/\/api.w.org\/{rel}","templated":true}]}}