{"id":199,"date":"2019-03-03T12:47:48","date_gmt":"2019-03-03T12:47:48","guid":{"rendered":"https:\/\/holgerspexet-public.lysator.liu.se\/?page_id=199"},"modified":"2019-04-05T13:40:42","modified_gmt":"2019-04-05T13:40:42","slug":"2004-colakrisen","status":"publish","type":"page","link":"https:\/\/holgerspexet.se\/index.php\/om-holgerspexet\/tidigare-spex\/2004-colakrisen\/","title":{"rendered":"2004: Colakrisen"},"content":{"rendered":"\n<h2 class=\"wp-block-heading\">Colakrisen (2004)<\/h2>\n\n\n\n<figure class=\"wp-block-image\"><img fetchpriority=\"high\" decoding=\"async\" width=\"2048\" height=\"1536\" src=\"https:\/\/holgerspexet-public.lysator.liu.se\/wp-content\/uploads\/2019\/04\/IMGP1178.jpg\" alt=\"\" class=\"wp-image-1072\"\/><figcaption>Foto: Johan Pfeifer (2004)<\/figcaption><\/figure>\n\n\n\n<p><strong>Karakt\u00e4rer<\/strong>:  <em>Dr. Phel, Fido Canastro, Guerilla Canastro, Ian Friterad K\u00e4nnerdej, Igor Formiddag, M\u00e4rit-Linn M\u00e5nsson, Niquitita Kryssk\u00e4ft och Vlad I Vostok<\/em><\/p>\n\n\n\n<p>Holgers historiska vandring gjorde under 2004 ett nedslag i 1960-talet och det kalla kriget. USA:s president Ian Friterad K\u00e4nnerdej k\u00e4mpade mot sin ryske kollega Niquitita Kryssk\u00e4ft om s\u00e5v\u00e4l coladrycksmonopolet som segern i korrespondansschack. Fj\u00e4rran fr\u00e5n bakgrundsstoryns k\u00e4rnvapenhot, men man m\u00e5ste ju vara ett f\u00f6red\u00f6me f\u00f6r barnen i publiken. Ja, f\u00f6rutom n\u00e4r den skr\u00e4ckinjagande ryske general Vlad I Vostok gjorde allt f\u00f6r att hetsa den r\u00e4tt diplomatiske Kryssk\u00e4ft till v\u00e5ldsd\u00e5d och illg\u00e4rningar. <\/p>\n\n\n\n<ul class=\"wp-block-gallery columns-2 is-cropped wp-block-gallery-1 is-layout-flex wp-block-gallery-is-layout-flex\"><li class=\"blocks-gallery-item\"><figure><img decoding=\"async\" width=\"1536\" height=\"2048\" src=\"https:\/\/holgerspexet-public.lysator.liu.se\/wp-content\/uploads\/2019\/04\/IMGP1183.jpg\" alt=\"\" data-id=\"1074\" data-link=\"https:\/\/holgerspexet-public.lysator.liu.se\/index.php\/test2\/tidigare-spex\/2004-colakrisen\/imgp1183\/\" class=\"wp-image-1074\"\/><figcaption>Foto: Johan Pfeifer (2004)<\/figcaption><\/figure><\/li><li class=\"blocks-gallery-item\"><figure><img decoding=\"async\" width=\"2048\" height=\"1536\" src=\"https:\/\/holgerspexet-public.lysator.liu.se\/wp-content\/uploads\/2019\/04\/IMGP1174.jpg\" alt=\"\" data-id=\"1082\" data-link=\"https:\/\/holgerspexet-public.lysator.liu.se\/index.php\/test2\/tidigare-spex\/2004-colakrisen\/imgp1174\/\" class=\"wp-image-1082\"\/><figcaption> <br>Foto: Johan Pfeifer (2004) <\/figcaption><\/figure><\/li><\/ul>\n\n\n\n<p>Tack vare sin v\u00e4lsvarvade Vita Huset-spion M\u00e4rit-Linn M\u00e5nsson, tillika IFK:s \u00f6gonsten, var han ocks\u00e5 p\u00e5 v\u00e4g att lyckas och pl\u00f6tsligt stod den partajande diktatorn Fido Canastros strategiskt placerade \u00f6rike mitt uppe i en milit\u00e4r konflikt. Till den militaristiska dottern Guerillas stora gl\u00e4dje ska till\u00e4ggas. Tappra f\u00f6rs\u00f6k att reda ut konflikten gjordes av IFK:s sj\u00e4lvgode livl\u00e4kare Dr Phel innan den infekterade aff\u00e4ren, ett d\u00f6dsfall och en k\u00e4rleksaff\u00e4r senare fick ett sportmannam\u00e4ssigt slut. <\/p>\n\n\n\n<ul class=\"wp-block-gallery columns-2 is-cropped wp-block-gallery-2 is-layout-flex wp-block-gallery-is-layout-flex\"><li class=\"blocks-gallery-item\"><figure><img loading=\"lazy\" decoding=\"async\" width=\"1309\" height=\"1341\" src=\"https:\/\/holgerspexet-public.lysator.liu.se\/wp-content\/uploads\/2019\/04\/IMG028.jpg\" alt=\"\" data-id=\"1077\" data-link=\"https:\/\/holgerspexet-public.lysator.liu.se\/index.php\/test2\/tidigare-spex\/2004-colakrisen\/img028\/\" class=\"wp-image-1077\"\/><figcaption>Foto: P\u00e4r Wieslander (2004)<\/figcaption><\/figure><\/li><li class=\"blocks-gallery-item\"><figure><img loading=\"lazy\" decoding=\"async\" width=\"2048\" height=\"1536\" src=\"https:\/\/holgerspexet-public.lysator.liu.se\/wp-content\/uploads\/2019\/04\/IMG201.jpg\" alt=\"\" data-id=\"1078\" data-link=\"https:\/\/holgerspexet-public.lysator.liu.se\/index.php\/test2\/tidigare-spex\/2004-colakrisen\/img201\/\" class=\"wp-image-1078\"\/><figcaption> <br>Foto: P\u00e4r Wieslander (2004) <\/figcaption><\/figure><\/li><\/ul>\n\n\n\n<figure class=\"wp-block-image\"><img loading=\"lazy\" decoding=\"async\" width=\"2048\" height=\"1536\" src=\"https:\/\/holgerspexet-public.lysator.liu.se\/wp-content\/uploads\/2019\/04\/IMGP1203-1.jpg\" alt=\"\" class=\"wp-image-1080\"\/><figcaption>Foto: Johan Pfeifer (2004)<\/figcaption><\/figure>\n","protected":false},"excerpt":{"rendered":"<p>Colakrisen (2004) Karakt\u00e4rer: Dr. Phel, Fido Canastro, Guerilla Canastro, Ian Friterad K\u00e4nnerdej, Igor Formiddag, M\u00e4rit-Linn M\u00e5nsson, Niquitita Kryssk\u00e4ft och Vlad I Vostok Holgers historiska vandring gjorde under 2004 ett nedslag i 1960-talet och det kalla kriget. USA:s president Ian Friterad K\u00e4nnerdej k\u00e4mpade mot sin ryske kollega Niquitita Kryssk\u00e4ft om s\u00e5v\u00e4l coladrycksmonopolet som segern i korrespondansschack. Fj\u00e4rran fr\u00e5n bakgrundsstoryns k\u00e4rnvapenhot, men man m\u00e5ste ju vara ett f\u00f6red\u00f6me f\u00f6r barnen i publiken. Ja, f\u00f6rutom n\u00e4r den skr\u00e4ckinjagande ryske general Vlad I Vostok gjorde allt f\u00f6r att hetsa den r\u00e4tt diplomatiske Kryssk\u00e4ft till v\u00e5ldsd\u00e5d och illg\u00e4rningar. Tack vare sin v\u00e4lsvarvade Vita Huset-spion M\u00e4rit-Linn M\u00e5nsson, tillika IFK:s \u00f6gonsten, var han ocks\u00e5 p\u00e5 v\u00e4g att lyckas och pl\u00f6tsligt stod den partajande diktatorn Fido Canastros strategiskt placerade \u00f6rike mitt uppe i en milit\u00e4r konflikt. Till den militaristiska dottern Guerillas stora gl\u00e4dje ska till\u00e4ggas. Tappra f\u00f6rs\u00f6k att reda ut konflikten gjordes av IFK:s sj\u00e4lvgode livl\u00e4kare Dr Phel&hellip;<\/p>\n<p> <a class=\"more-link\" href=\"https:\/\/holgerspexet.se\/index.php\/om-holgerspexet\/tidigare-spex\/2004-colakrisen\/\">Read more<\/a><\/p>\n","protected":false},"author":9,"featured_media":0,"parent":38,"menu_order":17,"comment_status":"closed","ping_status":"closed","template":"","meta":{"inline_featured_image":false,"footnotes":""},"class_list":["post-199","page","type-page","status-publish"],"_links":{"self":[{"href":"https:\/\/holgerspexet.se\/index.php\/wp-json\/wp\/v2\/pages\/199","targetHints":{"allow":["GET"]}}],"collection":[{"href":"https:\/\/holgerspexet.se\/index.php\/wp-json\/wp\/v2\/pages"}],"about":[{"href":"https:\/\/holgerspexet.se\/index.php\/wp-json\/wp\/v2\/types\/page"}],"author":[{"embeddable":true,"href":"https:\/\/holgerspexet.se\/index.php\/wp-json\/wp\/v2\/users\/9"}],"replies":[{"embeddable":true,"href":"https:\/\/holgerspexet.se\/index.php\/wp-json\/wp\/v2\/comments?post=199"}],"version-history":[{"count":11,"href":"https:\/\/holgerspexet.se\/index.php\/wp-json\/wp\/v2\/pages\/199\/revisions"}],"predecessor-version":[{"id":1143,"href":"https:\/\/holgerspexet.se\/index.php\/wp-json\/wp\/v2\/pages\/199\/revisions\/1143"}],"up":[{"embeddable":true,"href":"https:\/\/holgerspexet.se\/index.php\/wp-json\/wp\/v2\/pages\/38"}],"wp:attachment":[{"href":"https:\/\/holgerspexet.se\/index.php\/wp-json\/wp\/v2\/media?parent=199"}],"curies":[{"name":"wp","href":"https:\/\/api.w.org\/{rel}","templated":true}]}}