{"id":2,"date":"2019-01-29T23:18:14","date_gmt":"2019-01-29T23:18:14","guid":{"rendered":"https:\/\/holgerspexet-public.lysator.liu.se\/?page_id=2"},"modified":"2026-04-10T17:30:55","modified_gmt":"2026-04-10T17:30:55","slug":"sample-page","status":"publish","type":"page","link":"https:\/\/holgerspexet.se\/","title":{"rendered":"Aktuellt"},"content":{"rendered":"\t\t<div data-elementor-type=\"wp-post\" data-elementor-id=\"2\" class=\"elementor elementor-2\">\n\t\t\t\t\t\t<section class=\"elementor-section elementor-top-section elementor-element elementor-element-0568632 elementor-section-boxed elementor-section-height-default elementor-section-height-default\" data-id=\"0568632\" data-element_type=\"section\" data-e-type=\"section\">\n\t\t\t\t\t\t<div class=\"elementor-container elementor-column-gap-default\">\n\t\t\t\t\t<div class=\"elementor-column elementor-col-66 elementor-top-column elementor-element elementor-element-a3343c5\" data-id=\"a3343c5\" data-element_type=\"column\" data-e-type=\"column\">\n\t\t\t<div class=\"elementor-widget-wrap elementor-element-populated\">\n\t\t\t\t\t\t<div class=\"elementor-element elementor-element-541ba3f elementor-widget__width-initial elementor-widget elementor-widget-text-editor\" data-id=\"541ba3f\" data-element_type=\"widget\" data-e-type=\"widget\" data-widget_type=\"text-editor.default\">\n\t\t\t\t<div class=\"elementor-widget-container\">\n\t\t\t\t\t\t\t\t\t<h3>Holgerspexet 2026 presenterar: ???<\/h3>\n<p><strong>Ans\u00f6kan \u00e4r \u00f6ppen f\u00f6r \u00f6vriga grupper och ansvarsposter.&nbsp;<\/strong><\/p><p><strong>Vet du redan vad du vill?&nbsp;<\/strong><\/p><p dir=\"ltr\"><a href=\"https:\/\/forms.gle\/R1GhWqFxdqy1t5XX8\">S\u00f6k \u00f6vriga grupper!<\/a><\/p>\n<p dir=\"ltr\"><a href=\"https:\/\/forms.gle\/XF6WXHqFUSdW6H3a7\">S\u00f6k ansvarspost!<\/a><\/p>\n<p><strong>Vill du veta mer?<\/strong><br>Kolla in <a href=\"https:\/\/holgerspexet.se\/index.php\/bli-spexare\/grupper-i-holgerspexet\/\">Grupper i Holgerspexet<\/a>.<\/p>\n<p><img decoding=\"async\" class=\"emoji\" role=\"img\" draggable=\"false\" src=\"https:\/\/s.w.org\/images\/core\/emoji\/16.0.1\/svg\/1f49c.svg\" alt=\"\ud83d\udc9c\"><img decoding=\"async\" class=\"emoji\" role=\"img\" draggable=\"false\" src=\"https:\/\/s.w.org\/images\/core\/emoji\/16.0.1\/svg\/1f49c.svg\" alt=\"\ud83d\udc9c\"><img decoding=\"async\" class=\"emoji\" role=\"img\" draggable=\"false\" src=\"https:\/\/s.w.org\/images\/core\/emoji\/16.0.1\/svg\/1f49c.svg\" alt=\"\ud83d\udc9c\"><\/p>\n<p>F\u00f6lj oss p\u00e5&nbsp;<a style=\"letter-spacing: 0px; background-color: #f7f7f7;\" href=\"https:\/\/www.facebook.com\/holgerspexet\/\" target=\"_blank\" rel=\"noopener\"><b>Facebook&nbsp;<\/b><\/a>och&nbsp;<a style=\"letter-spacing: 0px; background-color: #f7f7f7;\" href=\"https:\/\/www.instagram.com\/holgerspexet\/\" target=\"_blank\" rel=\"noopener\"><b>Instagram&nbsp;<\/b><\/a>f\u00f6r nyheter och uppdateringar!<\/p>\n<p><img decoding=\"async\" class=\"emoji\" role=\"img\" draggable=\"false\" src=\"https:\/\/s.w.org\/images\/core\/emoji\/16.0.1\/svg\/1f49c.svg\" alt=\"\ud83d\udc9c\"><img decoding=\"async\" class=\"emoji\" role=\"img\" draggable=\"false\" src=\"https:\/\/s.w.org\/images\/core\/emoji\/16.0.1\/svg\/1f49c.svg\" alt=\"\ud83d\udc9c\"><img decoding=\"async\" class=\"emoji\" role=\"img\" draggable=\"false\" src=\"https:\/\/s.w.org\/images\/core\/emoji\/16.0.1\/svg\/1f49c.svg\" alt=\"\ud83d\udc9c\"><\/p>\t\t\t\t\t\t\t\t<\/div>\n\t\t\t\t<\/div>\n\t\t\t\t\t<\/div>\n\t\t<\/div>\n\t\t\t\t<aside class=\"elementor-column elementor-col-33 elementor-top-column elementor-element elementor-element-90ef4bc\" data-id=\"90ef4bc\" data-element_type=\"column\" data-e-type=\"column\" data-settings=\"{&quot;background_background&quot;:&quot;classic&quot;}\">\n\t\t\t<div class=\"elementor-widget-wrap elementor-element-populated\">\n\t\t\t\t\t\t<div class=\"elementor-element elementor-element-2989650 elementor-widget elementor-widget-heading\" data-id=\"2989650\" data-element_type=\"widget\" data-e-type=\"widget\" data-widget_type=\"heading.default\">\n\t\t\t\t<div class=\"elementor-widget-container\">\n\t\t\t\t\t<h5 class=\"elementor-heading-title elementor-size-default\">Spex\u00e5ret 2026<\/h5>\t\t\t\t<\/div>\n\t\t\t\t<\/div>\n\t\t\t\t<div class=\"elementor-element elementor-element-07d84a7 elementor-widget elementor-widget-text-editor\" data-id=\"07d84a7\" data-element_type=\"widget\" data-e-type=\"widget\" data-widget_type=\"text-editor.default\">\n\t\t\t\t<div class=\"elementor-widget-container\">\n\t\t\t\t\t\t\t\t\t<p><span style=\"text-decoration: underline;\"><strong>Mars<\/strong><\/span><\/p><div><ul><li>Ans\u00f6kan till Holgerspexet \u00f6ppnar!<\/li><li>V\u00e5rm\u00f6te<\/li><\/ul><p><span style=\"text-decoration: underline;\"><strong>April<\/strong><\/span><\/p><ul><li>Auditions f\u00f6r scengrupper<\/li><li>V\u00e5rkickoff<\/li><\/ul><p><span style=\"text-decoration: underline;\"><strong>September<\/strong><\/span><\/p><ul><li>Kalasmottagningen<\/li><li>H\u00f6stkickoff<\/li><\/ul><p><span style=\"text-decoration: underline;\"><strong>Oktober<\/strong><\/span><\/p><ul><li>Biljettsl\u00e4pp!<\/li><li>Rephelger<\/li><\/ul><p><span style=\"text-decoration: underline;\"><strong>November<\/strong><\/span><\/p><ul><li>F\u00f6rest\u00e4llningar<\/li><\/ul><\/div>\t\t\t\t\t\t\t\t<\/div>\n\t\t\t\t<\/div>\n\t\t\t\t\t<\/div>\n\t\t<\/aside>\n\t\t\t\t\t<\/div>\n\t\t<\/section>\n\t\t\t\t<section class=\"elementor-section elementor-top-section elementor-element elementor-element-9390edf elementor-section-boxed elementor-section-height-default elementor-section-height-default\" data-id=\"9390edf\" data-element_type=\"section\" data-e-type=\"section\">\n\t\t\t\t\t\t<div class=\"elementor-container elementor-column-gap-default\">\n\t\t\t\t\t<div class=\"elementor-column elementor-col-100 elementor-top-column elementor-element elementor-element-5315be6\" data-id=\"5315be6\" data-element_type=\"column\" data-e-type=\"column\">\n\t\t\t<div class=\"elementor-widget-wrap elementor-element-populated\">\n\t\t\t\t\t\t<section class=\"elementor-section elementor-inner-section elementor-element elementor-element-fa889aa elementor-section-boxed elementor-section-height-default elementor-section-height-default\" data-id=\"fa889aa\" data-element_type=\"section\" data-e-type=\"section\">\n\t\t\t\t\t\t<div class=\"elementor-container elementor-column-gap-default\">\n\t\t\t\t\t<div class=\"elementor-column elementor-col-50 elementor-inner-column elementor-element elementor-element-2a691e5\" data-id=\"2a691e5\" data-element_type=\"column\" data-e-type=\"column\">\n\t\t\t<div class=\"elementor-widget-wrap\">\n\t\t\t\t\t\t\t<\/div>\n\t\t<\/div>\n\t\t\t\t<div class=\"elementor-column elementor-col-50 elementor-inner-column elementor-element elementor-element-0e7ffa7\" data-id=\"0e7ffa7\" data-element_type=\"column\" data-e-type=\"column\">\n\t\t\t<div class=\"elementor-widget-wrap\">\n\t\t\t\t\t\t\t<\/div>\n\t\t<\/div>\n\t\t\t\t\t<\/div>\n\t\t<\/section>\n\t\t\t\t\t<\/div>\n\t\t<\/div>\n\t\t\t\t\t<\/div>\n\t\t<\/section>\n\t\t\t\t<\/div>\n\t\t","protected":false},"excerpt":{"rendered":"<p>Holgerspexet 2026 presenterar: ??? Ans\u00f6kan \u00e4r \u00f6ppen f\u00f6r \u00f6vriga grupper och ansvarsposter.&nbsp; Vet du redan vad du vill?&nbsp; S\u00f6k \u00f6vriga grupper! S\u00f6k ansvarspost! Vill du veta mer?Kolla in Grupper i Holgerspexet. F\u00f6lj oss p\u00e5&nbsp;Facebook&nbsp;och&nbsp;Instagram&nbsp;f\u00f6r nyheter och uppdateringar! Spex\u00e5ret 2026 Mars Ans\u00f6kan till Holgerspexet \u00f6ppnar! V\u00e5rm\u00f6te April Auditions f\u00f6r scengrupper V\u00e5rkickoff September Kalasmottagningen H\u00f6stkickoff Oktober Biljettsl\u00e4pp! Rephelger November F\u00f6rest\u00e4llningar<\/p>\n","protected":false},"author":1,"featured_media":0,"parent":0,"menu_order":0,"comment_status":"closed","ping_status":"open","template":"","meta":{"inline_featured_image":false,"footnotes":""},"class_list":["post-2","page","type-page","status-publish"],"_links":{"self":[{"href":"https:\/\/holgerspexet.se\/index.php\/wp-json\/wp\/v2\/pages\/2","targetHints":{"allow":["GET"]}}],"collection":[{"href":"https:\/\/holgerspexet.se\/index.php\/wp-json\/wp\/v2\/pages"}],"about":[{"href":"https:\/\/holgerspexet.se\/index.php\/wp-json\/wp\/v2\/types\/page"}],"author":[{"embeddable":true,"href":"https:\/\/holgerspexet.se\/index.php\/wp-json\/wp\/v2\/users\/1"}],"replies":[{"embeddable":true,"href":"https:\/\/holgerspexet.se\/index.php\/wp-json\/wp\/v2\/comments?post=2"}],"version-history":[{"count":422,"href":"https:\/\/holgerspexet.se\/index.php\/wp-json\/wp\/v2\/pages\/2\/revisions"}],"predecessor-version":[{"id":2230,"href":"https:\/\/holgerspexet.se\/index.php\/wp-json\/wp\/v2\/pages\/2\/revisions\/2230"}],"wp:attachment":[{"href":"https:\/\/holgerspexet.se\/index.php\/wp-json\/wp\/v2\/media?parent=2"}],"curies":[{"name":"wp","href":"https:\/\/api.w.org\/{rel}","templated":true}]}}