{"id":212,"date":"2019-03-03T13:09:32","date_gmt":"2019-03-03T13:09:32","guid":{"rendered":"https:\/\/holgerspexet-public.lysator.liu.se\/?page_id=212"},"modified":"2022-11-04T10:37:56","modified_gmt":"2022-11-04T10:37:56","slug":"2017-spex-sm-revolutionarerna-en-tramsatlantsik-historia","status":"publish","type":"page","link":"https:\/\/holgerspexet.se\/index.php\/om-holgerspexet\/tidigare-spex\/2017-spex-sm-revolutionarerna-en-tramsatlantsik-historia\/","title":{"rendered":"2017: Revolution\u00e4rerna &#8211; en tramsatlantsik historia (Spex-SM)"},"content":{"rendered":"\n<h2 class=\"wp-block-heading\">Revolution\u00e4rerna &#8211; en tramsatlantisk historia <br>(Spex-SM, 2017)<\/h2>\n\n\n\n<figure class=\"wp-block-image\"><img fetchpriority=\"high\" decoding=\"async\" width=\"2048\" height=\"1198\" src=\"https:\/\/holgerspexet-public.lysator.liu.se\/wp-content\/uploads\/2019\/03\/18839405_1407481416012702_3395128124463251341_o.jpg\" alt=\"\" class=\"wp-image-456\"\/><\/figure>\n\n\n\n<p><strong>Karakt\u00e4rer<\/strong>: <em>Axel von Fersen, George Washington, Ludwig XVI, Marie Antoinette, Maximillian Robespierre och Samuel Adams<\/em><\/p>\n\n\n\n<p>2017 gjorde Holgerspexet och Link\u00f6pings studentspex gemensam sak \u00e4nnu en g\u00e5ng och skapade ett bidrag till Spex-SM 2017 i \u00d6rebro. <\/p>\n\n\n\n<p>I Frankrike g\u00f6r Axel von Fersen sig redo att fara till Amerika f\u00f6r att genomf\u00f6ra &#8220;fredsframtvingande aktiviteter&#8221;. Marie Antoinette, hans &#8220;Netflix and chill&#8221;-kompanjon \u00e4r tr\u00f6tt p\u00e5 det tr\u00e5kiga hovlivet i Frankrike och best\u00e4mmer sig f\u00f6r att f\u00f6lja med. F\u00f6r att ingen ska m\u00e4rka att hon \u00e4r borta har hon byggt en mekanisk och mobil android, <em>Marionette<\/em>.<\/p>\n\n\n\n<figure class=\"wp-block-gallery has-nested-images columns-default is-cropped wp-block-gallery-1 is-layout-flex wp-block-gallery-is-layout-flex\">\n<figure class=\"wp-block-image size-large\"><img decoding=\"async\" width=\"1712\" height=\"2048\" data-id=\"458\" src=\"https:\/\/holgerspexet.se\/wp-content\/uploads\/2019\/03\/18815430_1407463066014537_8293136758588715118_o.jpg\" alt=\"\" class=\"wp-image-458\"\/><\/figure>\n\n\n\n<figure class=\"wp-block-image size-large\"><img decoding=\"async\" width=\"1540\" height=\"2048\" data-id=\"459\" src=\"https:\/\/holgerspexet.se\/wp-content\/uploads\/2019\/03\/18922678_1407463746014469_7889224298248421787_o.jpg\" alt=\"\" class=\"wp-image-459\"\/><\/figure>\n\n\n\n<figure class=\"wp-block-image size-large\"><img loading=\"lazy\" decoding=\"async\" width=\"1704\" height=\"2048\" data-id=\"475\" src=\"https:\/\/holgerspexet.se\/wp-content\/uploads\/2019\/03\/18836597_1407476776013166_4693041765682735024_o.jpg\" alt=\"\" class=\"wp-image-475\"\/><\/figure>\n<\/figure>\n\n\n\n<p>V\u00e4l framme i Amerika st\u00f6ter Axel och Marie f\u00f6rst p\u00e5 Samuel Adams, en h\u00e4ngiven \u00f6lbryggare som \u00e4r fantastiskt d\u00e5lig p\u00e5 att f\u00e5 malt, humle och vatten att bli en lyckad kombination. M\u00e5let f\u00f6r resan \u00e4r dock general George Washingtons milit\u00e4rt\u00e4lt och d\u00e4r lyckas de efter viss diskussion \u00f6vertyga honom om att en republik med en folkvald ledare \u00e4r mycket b\u00e4ttre \u00e4n en monarki.<\/p>\n\n\n\n<p>Samtalet avbryts dock av <em>Engelsm\u00e4nnen <\/em>som anser att det var alldeles f\u00f6r l\u00e4nge sedan de drabbade samman med Washingtons trupper. Medan de planerar in n\u00e4sta fredagsmysman\u00f6ver kommer Samuel Adams instormande, utropandes att folk nu m\u00e5ste tycka om hans \u00f6l d\u00e5 han dumpat den konkurrerande produkten, Earl Grey-te, i Bostonbukten. Konflikten tycks n\u00e4ra f\u00f6rest\u00e5ende men n\u00e4r <em>Engelsm\u00e4nnen <\/em>f\u00e5r provsmaka Samuel Adams \u00f6l blir de helt \u00f6vertygande om att allt i det h\u00e4r landet numera \u00e4r s\u00e5 d\u00e5ligt att de best\u00e4mmer sig f\u00f6r att \u00e5ka hem. S\u00e5 var den amerikanska revolutionen \u00f6ver.<\/p>\n\n\n\n<figure class=\"wp-block-image\"><img loading=\"lazy\" decoding=\"async\" width=\"2048\" height=\"1426\" src=\"https:\/\/holgerspexet-public.lysator.liu.se\/wp-content\/uploads\/2019\/03\/18766363_1407463486014495_4611428791541650010_o.jpg\" alt=\"\" class=\"wp-image-460\"\/><\/figure>\n\n\n\n<p>Axel och Marie far tillbaka till Frankrike f\u00f6r att g\u00f6ra revolution p\u00e5 hemmaplan och Samuel Adams best\u00e4mmer sig f\u00f6r att f\u00f6lja med d\u00e5 den amerikanska marknaden numera \u00e4r m\u00e4ttad. George Washington stannar kvar f\u00f6r att bli hemmapappa \u00e5t den nyf\u00f6dda nationen.<\/p>\n\n\n\n<p>Hemma i Frankrike har Ludvig XVI tillbringat sin tid med att g\u00f6ra det han \u00e4r b\u00e4st p\u00e5, att t\u00e4nka efter f\u00f6re. Hans obeslutsamhet har aldrig tidigare sk\u00e5dats och l\u00e4get i Frankrike \u00e4r akut d\u00e5 folket sv\u00e4lter. Marie, som best\u00e4mt sig f\u00f6r att hon vill avs\u00e4tta sin man, lyckas f\u00e5 honom att fatta n\u00e5gra riktigt d\u00e5liga beslut som sp\u00e4r p\u00e5 folkets missn\u00f6je.<\/p>\n\n\n\n<figure class=\"wp-block-image\"><img loading=\"lazy\" decoding=\"async\" width=\"2048\" height=\"1529\" src=\"https:\/\/holgerspexet-public.lysator.liu.se\/wp-content\/uploads\/2019\/03\/18880080_1407480676012776_1460302700451575995_o.jpg\" alt=\"\" class=\"wp-image-461\"\/><\/figure>\n\n\n\n<p>Maximillian Robespierre g\u00f6r h\u00e4r entr\u00e9 i historien och han uppviglar folket s\u00e5 att de avs\u00e4tter kungen, men de tillf\u00e5ngatar \u00e4ven Marie. Axel f\u00f6rs\u00f6ker desperat r\u00e4dda henne men kommer f\u00f6r sent. Robespierre och den arga franska p\u00f6beln har redan avr\u00e4ttat dem b\u00e5da med giljotin. N\u00e4r de segrande upprorsmakarna drar till Bastiljen f\u00f6r efterfest \u00f6verraskas en s\u00f6rjande Axel av en \u00e5terv\u00e4ndande Marie. Det visar sig att hon lyckats fly och lurade vakterna att avr\u00e4tta <em>Marionette <\/em>i hennes st\u00e4lle. Axel \u00e4r lycklig \u00f6ver att Marie lever och vill l\u00e4mna Frankrike. Marie har dock andra planer. Hon anser att de korkade fransm\u00e4nnen m\u00e5ste hutas \u00e5t och att hon beh\u00f6ver g\u00f6ra n\u00e5got \u00e5t Robespierre. Axel f\u00f6rs\u00f6ker \u00f6vertala henne att l\u00e5ta bli men hon lyssnar inte p\u00e5 det \u00f6rat. Frankrike beh\u00f6ver en upplyst despot: l\u00e5t oss v\u00e4lkomna Marie &#8220;Napoleon&#8221; Antoinette!<\/p>\n\n\n\n<figure class=\"wp-block-image\"><img loading=\"lazy\" decoding=\"async\" width=\"2048\" height=\"1342\" src=\"https:\/\/holgerspexet-public.lysator.liu.se\/wp-content\/uploads\/2019\/03\/18891638_1407482926012551_3216851811495005522_o.jpg\" alt=\"\" class=\"wp-image-462\"\/><\/figure>\n","protected":false},"excerpt":{"rendered":"<p>Revolution\u00e4rerna &#8211; en tramsatlantisk historia (Spex-SM, 2017) Karakt\u00e4rer: Axel von Fersen, George Washington, Ludwig XVI, Marie Antoinette, Maximillian Robespierre och Samuel Adams 2017 gjorde Holgerspexet och Link\u00f6pings studentspex gemensam sak \u00e4nnu en g\u00e5ng och skapade ett bidrag till Spex-SM 2017 i \u00d6rebro. I Frankrike g\u00f6r Axel von Fersen sig redo att fara till Amerika f\u00f6r att genomf\u00f6ra &#8220;fredsframtvingande aktiviteter&#8221;. Marie Antoinette, hans &#8220;Netflix and chill&#8221;-kompanjon \u00e4r tr\u00f6tt p\u00e5 det tr\u00e5kiga hovlivet i Frankrike och best\u00e4mmer sig f\u00f6r att f\u00f6lja med. F\u00f6r att ingen ska m\u00e4rka att hon \u00e4r borta har hon byggt en mekanisk och mobil android, Marionette. V\u00e4l framme i Amerika st\u00f6ter Axel och Marie f\u00f6rst p\u00e5 Samuel Adams, en h\u00e4ngiven \u00f6lbryggare som \u00e4r fantastiskt d\u00e5lig p\u00e5 att f\u00e5 malt, humle och vatten att bli en lyckad kombination. M\u00e5let f\u00f6r resan \u00e4r dock general George Washingtons milit\u00e4rt\u00e4lt och d\u00e4r lyckas de efter viss diskussion \u00f6vertyga honom om att en&hellip;<\/p>\n<p> <a class=\"more-link\" href=\"https:\/\/holgerspexet.se\/index.php\/om-holgerspexet\/tidigare-spex\/2017-spex-sm-revolutionarerna-en-tramsatlantsik-historia\/\">Read more<\/a><\/p>\n","protected":false},"author":9,"featured_media":0,"parent":38,"menu_order":3,"comment_status":"closed","ping_status":"closed","template":"","meta":{"inline_featured_image":false,"footnotes":""},"class_list":["post-212","page","type-page","status-publish"],"_links":{"self":[{"href":"https:\/\/holgerspexet.se\/index.php\/wp-json\/wp\/v2\/pages\/212","targetHints":{"allow":["GET"]}}],"collection":[{"href":"https:\/\/holgerspexet.se\/index.php\/wp-json\/wp\/v2\/pages"}],"about":[{"href":"https:\/\/holgerspexet.se\/index.php\/wp-json\/wp\/v2\/types\/page"}],"author":[{"embeddable":true,"href":"https:\/\/holgerspexet.se\/index.php\/wp-json\/wp\/v2\/users\/9"}],"replies":[{"embeddable":true,"href":"https:\/\/holgerspexet.se\/index.php\/wp-json\/wp\/v2\/comments?post=212"}],"version-history":[{"count":21,"href":"https:\/\/holgerspexet.se\/index.php\/wp-json\/wp\/v2\/pages\/212\/revisions"}],"predecessor-version":[{"id":1777,"href":"https:\/\/holgerspexet.se\/index.php\/wp-json\/wp\/v2\/pages\/212\/revisions\/1777"}],"up":[{"embeddable":true,"href":"https:\/\/holgerspexet.se\/index.php\/wp-json\/wp\/v2\/pages\/38"}],"wp:attachment":[{"href":"https:\/\/holgerspexet.se\/index.php\/wp-json\/wp\/v2\/media?parent=212"}],"curies":[{"name":"wp","href":"https:\/\/api.w.org\/{rel}","templated":true}]}}