{"id":340,"date":"2019-03-06T09:47:53","date_gmt":"2019-03-06T09:47:53","guid":{"rendered":"https:\/\/holgerspexet-public.lysator.liu.se\/?page_id=340"},"modified":"2024-01-22T21:10:23","modified_gmt":"2024-01-22T21:10:23","slug":"grupper-i-holgerspexet","status":"publish","type":"page","link":"https:\/\/holgerspexet.se\/index.php\/bli-spexare\/grupper-i-holgerspexet\/","title":{"rendered":"Grupper i Holgerspexet"},"content":{"rendered":"\t\t<div data-elementor-type=\"wp-page\" data-elementor-id=\"340\" class=\"elementor elementor-340\">\n\t\t\t\t\t\t<section class=\"elementor-section elementor-top-section elementor-element elementor-element-2e841c68 elementor-section-boxed elementor-section-height-default elementor-section-height-default\" data-id=\"2e841c68\" data-element_type=\"section\" data-e-type=\"section\">\n\t\t\t\t\t\t<div class=\"elementor-container elementor-column-gap-default\">\n\t\t\t\t\t<div class=\"elementor-column elementor-col-100 elementor-top-column elementor-element elementor-element-2d8b85a5\" data-id=\"2d8b85a5\" data-element_type=\"column\" data-e-type=\"column\">\n\t\t\t<div class=\"elementor-widget-wrap elementor-element-populated\">\n\t\t\t\t\t\t<div class=\"elementor-element elementor-element-7ed527ab elementor-widget elementor-widget-text-editor\" data-id=\"7ed527ab\" data-element_type=\"widget\" data-e-type=\"widget\" data-widget_type=\"text-editor.default\">\n\t\t\t\t<div class=\"elementor-widget-container\">\n\t\t\t\t\t\t\t\t\t<p><\/p>\n<h2 class=\"wp-block-heading\">Spexets grupper och vad de g\u00f6r<\/h2>\n<p><\/p>\n<p><\/p>\n<p>H\u00e4r nedan kan du l\u00e4sa om vad de olika grupperna i spexet g\u00f6r under \u00e5ret. Blir du sugen p\u00e5 att g\u00e5 med i n\u00e5gon grupp? S\u00f6k d\u00e5 redan idag! Det g\u00f6r du <a href=\"https:\/\/holgerspexet.se\/index.php\/bli-spexare\/sok-spexet\/\">h\u00e4r<\/a>.<\/p>\n<p><\/p>\n<p><\/p>\n<h4 class=\"wp-block-heading\">Bandet<\/h4>\n<p><\/p>\n<p><\/p>\n<p>Vad \u00e4r ett musiknummer utan taktfasta trummor? En aktfinal utan en maffig bl\u00e5ssektion? Varje \u00e5r s\u00f6ker vi duktiga musiker till v\u00e5r eminenta orkester, Bandet. Spelar du gitarr, bas, trummor, piano eller n\u00e5got bl\u00e5sinstrument? I s\u00e5 fall borde du s\u00f6ka dig till den h\u00e4r gruppen!<\/p>\n<p><\/p>\n<p><\/p>\n<figure class=\"wp-block-image\"><img fetchpriority=\"high\" decoding=\"async\" width=\"2048\" height=\"1367\" class=\"wp-image-797\" src=\"https:\/\/holgerspexet.se\/wp-content\/uploads\/2019\/03\/Cecilia_Olsson-3875-3.jpg\" alt=\"\" \/>\n<p>\u00a0<\/p>\n<figcaption>Foto: <a href=\"https:\/\/ceciliaolsson.com\/\">Cecilia Olsson<\/a> (2016)<\/figcaption>\n<\/figure>\n<p><\/p>\n<p><\/p>\n<h4 class=\"wp-block-heading\">Dansen<\/h4>\n<p><\/p>\n<p><\/p>\n<p>K\u00e4nslosamma ballader eller fartfyllda scenshower, i dansgruppen kan du f\u00e5 allt det och mycket mer! L\u00e5tnumrena \u00e4r m\u00e5nga g\u00e5nger h\u00f6jdpunkter i spexet och det \u00e4r d\u00e5 dansen kommer in p\u00e5 scen tillsammans med k\u00f6ren och f\u00f6rh\u00f6jer k\u00e4nslan. Dansgruppen \u00e4r perfekt f\u00f6r dig som gillar att r\u00f6ra mycket p\u00e5 dig och att st\u00e5 p\u00e5 scen. Det kan \u00e4ven uppst\u00e5 tillf\u00e4llen d\u00e5 du f\u00e5r vara med och agera statist, men det beror p\u00e5 manus och \u00e4r s\u00e5klart valfritt. Erfarenhet rekommenderas men \u00e4r inget krav. Det finns \u00e4ven m\u00f6jlighet att koreografera l\u00e5tar!<\/p>\n<p><\/p>\n<p><\/p>\n<h4 class=\"wp-block-heading\">Dekoren<\/h4>\n<p><\/p>\n<p><\/p>\n<p>Har du massor av fantasi och kreativitet men ingenstans att f\u00e5 utlopp f\u00f6r den? Byggde du tr\u00e4dkojor som liten, och saknar du nu att skapa? S\u00f6k d\u00e5 dekorgruppen! Dekorgruppen \u00e4r de som f\u00e5r en kal teaterscen att b\u00f6rja leva och bli centrum f\u00f6r en sp\u00e4nnande historia. Manusgruppens id\u00e9er \u00e4r ofta tokiga och man kan f\u00e5 experimentera fram massa smarta l\u00f6sningar!<\/p>\n<p><\/p>\n<p><\/p>\n<figure class=\"wp-block-image\"><img decoding=\"async\" width=\"1400\" height=\"924\" class=\"wp-image-801\" src=\"https:\/\/holgerspexet.se\/wp-content\/uploads\/2019\/03\/ceciliaolsson2014.jpg\" alt=\"\" \/>\n<p>\u00a0<\/p>\n<figcaption>Foto: <a href=\"https:\/\/ceciliaolsson.com\/\">Cecilia Olsson<\/a> (2015)<\/figcaption>\n<\/figure>\n<p><\/p>\n<p><\/p>\n<h4 class=\"wp-block-heading\">Gyckel<\/h4>\n<p><\/p>\n<p><\/p>\n<p>Vad vore ett spex utan en gyckelgrupp? Holgerspexets egen gyckelgrupp <a href=\"https:\/\/www.facebook.com\/Nils-Holgerz-355165224514305\/\">Nils-Holgerz<\/a> \u00e4r aktiva hela \u00e5ret. Vi \u00e5ker runt p\u00e5 sittningar och andra happenings f\u00f6r att gyckla och sprida Holgerspexets budskap. Det g\u00f6r vi framf\u00f6rallt f\u00f6r att det \u00e4r kul men \u00e4ven f\u00f6r att locka nya medlemmar till spexet. En av de st\u00f6rsta h\u00e4ndelserna p\u00e5 \u00e5ret \u00e4r Schlaget, en riktigt rolig gyckelt\u00e4vling anordnad av MatNatsektionens festeri som vi brukar delta i.<\/p>\n<p><\/p>\n<p><\/p>\n<h4 class=\"wp-block-heading\">Koreografer<\/h4>\n<p><\/p>\n<p><\/p>\n<p>Holgerspexets musiknummer \u00e4r varierande med allt fr\u00e5n fartfyllda scenshower till lugna och k\u00e4nslosamma ballader. Vill du vara med och koreografera dessa danser \u00e4r det h\u00e4r gruppen f\u00f6r dig! Du beh\u00f6ver inte s\u00f6ka dansgruppen f\u00f6r att s\u00f6ka koreografgruppen, men om du \u00e4r sugen p\u00e5 att b\u00e5de dansa och koreografera g\u00e5r det sj\u00e4lvfallet bra att s\u00f6ka till b\u00e5da.<\/p>\n<p><\/p>\n<p><\/p>\n<h4 class=\"wp-block-heading\">Kostymgruppen<\/h4>\n<p><\/p>\n<p><\/p>\n<p>Har du alltid l\u00e4ngtat efter att sy en toga? Eller f\u00f6redrar du kanske det pampiga 1800-talet med veck och knappar? Kostymgruppen har n\u00e5got f\u00f6r alla smaker och tidsepoker. L\u00f6smustacher och fetsmink, sammetstyg och linne. Kostymgruppen \u00e4r de som f\u00e5r alla p\u00e5 scen att se makal\u00f6sa ut med hj\u00e4lp av ursnygga scenkl\u00e4der och fantastiskt smink!<\/p>\n<p><\/p>\n<p><\/p>\n<figure class=\"wp-block-image\"><img decoding=\"async\" width=\"2048\" height=\"1365\" class=\"wp-image-1207\" src=\"https:\/\/holgerspexet.se\/wp-content\/uploads\/2019\/04\/Cecilia_Olsson-5527.jpg\" alt=\"\" \/>\n<p>\u00a0<\/p>\n<figcaption>Foto: <a href=\"https:\/\/ceciliaolsson.com\/\">Cecilia Olsson<\/a> (2015)<\/figcaption>\n<\/figure>\n<p><\/p>\n<p><\/p>\n<h4 class=\"wp-block-heading\">K\u00f6ren<\/h4>\n<p><\/p>\n<p><\/p>\n<p>K\u00f6ren \u00e4r den fantastiska lilla grupp som f\u00f6rh\u00f6jer den musikaliska upplevelsen i spexet med sina st\u00e4mband och sk\u00f6na r\u00f6ster. Det \u00e4r k\u00f6ren som g\u00f6r alla s\u00e5ngnummer \u00e4nnu mer str\u00e5lande med st\u00e4ms\u00e5ng och kanske \u00e4ven ett par danssteg. Det uppst\u00e5r \u00e4ven tillf\u00e4llen d\u00e5 k\u00f6ren f\u00e5r agera som statister p\u00e5 scen. Efter aktpaus skiner k\u00f6ren extra med sina otroliga acapella-nummer som f\u00e5r publiken att storkna!<\/p>\n<p><\/p>\n<p><\/p>\n<h4 class=\"wp-block-heading\">L\u00e5tarrang\u00f6rer<\/h4>\n<p><\/p>\n<p><\/p>\n<p>Gillar du att skapa musik och f\u00e5 best\u00e4mma vad andra ska spela? Utan arrangemang \u00e4r det v\u00e4ldigt sv\u00e5rt att f\u00e5 ett band att spela enhetligt och d\u00e4rf\u00f6r \u00e4r det en himla tur att l\u00e5tarrang\u00f6rerna finns. De g\u00f6r s\u00e5 att bandet har noter som g\u00e5r i samma tonart och tempo och att k\u00f6rens olika st\u00e4mmor fungerar tillsammans.<\/p>\n<p><\/p>\n<p><\/p>\n<h4 class=\"wp-block-heading\">Manusgruppen<\/h4>\n<p><\/p>\n<p><\/p>\n<p>Har du livlig fantasti, tycker om att skriva och har en massa d\u00e5liga (vi menar s\u00e5klart bra!) ordvitsar p\u00e5 lager? D\u00e5 ska du s\u00f6ka manusgruppen! Det \u00e4r manusgruppen som kommer p\u00e5 den historia som de andra grupperna sedan utg\u00e5r fr\u00e5n n\u00e4r spexet skapas. Det inneb\u00e4r massa rim till sk\u00e5dis (bra och ibland mindre bra), m\u00e4ngder med sk\u00e4mt till publiken (d\u00e5liga och f\u00f6r det mestarent usla), ett tjog med pyroteknik till tekniken (alltid bra!) och en massa fysiskt om\u00f6jliga situationer f\u00f6r dekoren att skapa.<\/p>\n<p><\/p>\n<p><\/p>\n<h4 class=\"wp-block-heading\">Mediagruppen<\/h4>\n<p><\/p>\n<p><\/p>\n<p>\u00c4r du intresserad av foto-och\/eller filmredigering \u00e4r detta gruppen f\u00f6r dig! Mediagruppen ser till att spexet blir bevarat till efterv\u00e4rlden med hj\u00e4lp av bilder och filmer och vi samarbetar \u00e4ven med PR-gruppen vid marknadsf\u00f6ring av spexet. Du beh\u00f6ver inte ha n\u00e5gon tidigare erfarenhet. Sitter du d\u00e4remot med foto\/filmkunskaper \u00e4r du mer \u00e4n v\u00e4lkommen att l\u00e4ra oss andra ett och annat.<\/p>\n<p><\/p>\n<p><\/p>\n<h4 class=\"wp-block-heading\">PR &amp; Info<\/h4>\n<p><\/p>\n<p><\/p>\n<p>Det finns inget mer tacksamt att marknadsf\u00f6ra \u00e4n spex! PR-gruppen \u00e4r spexets ansikte ut\u00e5t och med lakan, affischer, minispex och sociala medier g\u00f6r vi reklam f\u00f6r v\u00e5ra f\u00f6rest\u00e4llningar och v\u00e5r f\u00f6rening. Varje \u00e5r skapas en ny affisch och ett nytt programblad kopplat till upps\u00e4ttningen, detta \u00e4r PR-gruppens verk, klart man vill vara med och ta fram det! PR-gruppen ansvarar ocks\u00e5 f\u00f6r kiosken under f\u00f6rest\u00e4llningarna.<\/p>\n<p><\/p>\n<p><\/p>\n<figure class=\"wp-block-image\"><img loading=\"lazy\" decoding=\"async\" width=\"2048\" height=\"1367\" class=\"wp-image-1208\" src=\"https:\/\/holgerspexet.se\/wp-content\/uploads\/2019\/04\/Cecilia_Olsson-3828.jpg\" alt=\"\" \/>\n<p>\u00a0<\/p>\n<figcaption>Foto: <a href=\"https:\/\/ceciliaolsson.com\/\">Cecilia Olsson<\/a> (2016)<\/figcaption>\n<\/figure>\n<p><\/p>\n<p><\/p>\n<h4 class=\"wp-block-heading\">Qlubm\u00e4steriet<\/h4>\n<p><\/p>\n<p><\/p>\n<p>Gillar du att laga mat och organisera festligheter? Qlubm\u00e4steriet \u00e4r den grupp som l\u00e4gger grunden f\u00f6r Holgerspexets fantastiska sammanh\u00e5llning, helt enkelt det som g\u00f6r Holgerspexet till en av de absolut b\u00e4sta f\u00f6reningarna man kan vara med i. Alla gillar QM och QM \u00e4r synonymt med gemenskap. QM fixar mat till alla under rephelgerna och har huvudansvaret f\u00f6r sittningarna i samband med v\u00e5ra kickoffer och f\u00f6rest\u00e4llningar.<\/p>\n<p><\/p>\n<p><\/p>\n<h4 class=\"wp-block-heading\">Sk\u00e5dis<\/h4>\n<p><\/p>\n<p><\/p>\n<p>Tycker du om att f\u00e5 folk att skratta, att st\u00e5 p\u00e5 scen och ge allt du har f\u00f6r att folk ska f\u00e5 en h\u00e4rlig upplevelse? Vill du utmana din fantasi och f\u00f6rm\u00e5ga att koka en riktigt snabb soppa p\u00e5 en spik? D\u00e5 \u00e4r sk\u00e5disgruppen n\u00e5got f\u00f6r dig! Efter en intensiv h\u00f6st med m\u00e5nga repetitioner av manus, s\u00e5ng och kanske n\u00e5gra danssteg st\u00e4ller sig sk\u00e5disarna p\u00e5 scen tillsammans med k\u00f6r och dans, if\u00f6rda fantastiska kostymer och bara njuter av publikens jubel och uppmaningar. Var det n\u00e5gon som sade &#8220;omstart&#8221;?<\/p>\n<p><\/p>\n<p><\/p>\n<h4 class=\"wp-block-heading\">Teknikgruppen<\/h4>\n<p><\/p>\n<p><\/p>\n<p>Tycker du att ljud och ljus \u00e4r det som full\u00e4ndar en show eller f\u00f6rest\u00e4llning? D\u00e5 \u00e4r tekniken den grupp du ska s\u00f6ka! Tekniken h\u00e4nger lampor och h\u00f6gtalare, de mickar band och programmerar ljus. De l\u00f6ser \u00e4ven ljud och alla h\u00e4ftiga specialeffekter. Det \u00e4r helt enkelt tack vare tekniken som publiken kan se och h\u00f6ra allt som h\u00e4nder p\u00e5 scen!<\/p>\n<p><\/p>\n<p><\/p>\n<figure class=\"wp-block-image\"><img loading=\"lazy\" decoding=\"async\" width=\"2048\" height=\"1365\" class=\"wp-image-487\" src=\"https:\/\/holgerspexet-public.lysator.liu.se\/wp-content\/uploads\/2019\/03\/Cecilia_Olsson-5589.jpg\" alt=\"\" \/>\n<p>\u00a0<\/p>\n<figcaption>Foto: <a href=\"https:\/\/ceciliaolsson.com\/\">Cecilia Olsson<\/a> (2015)<\/figcaption>\n<\/figure>\n<p><\/p>\n<p><\/p>\n<h4 class=\"wp-block-heading\">Textf\u00f6rfattare<\/h4>\n<p><\/p>\n<p><\/p>\n<p>Spexet \u00e4r fyllt med underfundiga och k\u00e4nslosamma l\u00e5ttillf\u00e4llen som fyller ut och f\u00f6rdjupar handlingen. Utifr\u00e5n manus och karakt\u00e4rsbeskrivningar anv\u00e4nder textf\u00f6rfattarna massa fantasi, humor (och en stor portion n\u00f6drim) f\u00f6r att skriva texter till spexets l\u00e5tar. Dessa brukar vara mycket uppskattade! M\u00e5let \u00e4r att ingen ska komma ih\u00e5g originaltexten n\u00e4r man v\u00e4l har h\u00f6rt spexversionen!<\/p>\n<p><\/p>\n<p><\/p>\n<h4 class=\"wp-block-heading\">Webbgruppen<\/h4>\n<p><\/p>\n<p><\/p>\n<p>Webbgruppen \u00e4r till f\u00f6r dig som gillar att h\u00e4nga bakom de digitala kulisserna. Som medlem i webbgruppen har du fullst\u00e4ndig \u00f6verblick och insyn i allt vad g\u00e4ller spexets hemsida och IT-system. Huvudfokus f\u00f6r webbgruppen \u00e4r att underh\u00e5lla och utveckla dessa system s\u00e5 att de \u00e4r s\u00e5 anv\u00e4ndbara som m\u00f6jligt f\u00f6r spexet. Du kommer l\u00e5ngt med grundl\u00e4ggande programmeringskunskaper, ett gediget intresse f\u00f6r webbutveckling och en vilja att l\u00e4ra dig nya saker; internet har svar p\u00e5 de flesta fr\u00e5gor!<\/p>\n<p><\/p>\t\t\t\t\t\t\t\t<\/div>\n\t\t\t\t<\/div>\n\t\t\t\t\t<\/div>\n\t\t<\/div>\n\t\t\t\t\t<\/div>\n\t\t<\/section>\n\t\t\t\t<\/div>\n\t\t","protected":false},"excerpt":{"rendered":"<p>Spexets grupper och vad de g\u00f6r H\u00e4r nedan kan du l\u00e4sa om vad de olika grupperna i spexet g\u00f6r under \u00e5ret. Blir du sugen p\u00e5 att g\u00e5 med i n\u00e5gon grupp? S\u00f6k d\u00e5 redan idag! Det g\u00f6r du h\u00e4r. Bandet Vad \u00e4r ett musiknummer utan taktfasta trummor? En aktfinal utan en maffig bl\u00e5ssektion? Varje \u00e5r s\u00f6ker vi duktiga musiker till v\u00e5r eminenta orkester, Bandet. Spelar du gitarr, bas, trummor, piano eller n\u00e5got bl\u00e5sinstrument? I s\u00e5 fall borde du s\u00f6ka dig till den h\u00e4r gruppen! Dansen K\u00e4nslosamma ballader eller fartfyllda scenshower, i dansgruppen kan du f\u00e5 allt det och mycket mer! L\u00e5tnumrena \u00e4r m\u00e5nga g\u00e5nger h\u00f6jdpunkter i spexet och det \u00e4r d\u00e5 dansen kommer in p\u00e5 scen tillsammans med k\u00f6ren och f\u00f6rh\u00f6jer k\u00e4nslan. Dansgruppen \u00e4r perfekt f\u00f6r dig som gillar att r\u00f6ra mycket p\u00e5 dig och att st\u00e5 p\u00e5 scen. Det kan \u00e4ven uppst\u00e5 tillf\u00e4llen d\u00e5 du f\u00e5r vara med och&hellip;<\/p>\n<p> <a class=\"more-link\" href=\"https:\/\/holgerspexet.se\/index.php\/bli-spexare\/grupper-i-holgerspexet\/\">Read more<\/a><\/p>\n","protected":false},"author":9,"featured_media":0,"parent":49,"menu_order":1,"comment_status":"closed","ping_status":"closed","template":"","meta":{"inline_featured_image":false,"footnotes":""},"class_list":["post-340","page","type-page","status-publish"],"_links":{"self":[{"href":"https:\/\/holgerspexet.se\/index.php\/wp-json\/wp\/v2\/pages\/340","targetHints":{"allow":["GET"]}}],"collection":[{"href":"https:\/\/holgerspexet.se\/index.php\/wp-json\/wp\/v2\/pages"}],"about":[{"href":"https:\/\/holgerspexet.se\/index.php\/wp-json\/wp\/v2\/types\/page"}],"author":[{"embeddable":true,"href":"https:\/\/holgerspexet.se\/index.php\/wp-json\/wp\/v2\/users\/9"}],"replies":[{"embeddable":true,"href":"https:\/\/holgerspexet.se\/index.php\/wp-json\/wp\/v2\/comments?post=340"}],"version-history":[{"count":72,"href":"https:\/\/holgerspexet.se\/index.php\/wp-json\/wp\/v2\/pages\/340\/revisions"}],"predecessor-version":[{"id":1956,"href":"https:\/\/holgerspexet.se\/index.php\/wp-json\/wp\/v2\/pages\/340\/revisions\/1956"}],"up":[{"embeddable":true,"href":"https:\/\/holgerspexet.se\/index.php\/wp-json\/wp\/v2\/pages\/49"}],"wp:attachment":[{"href":"https:\/\/holgerspexet.se\/index.php\/wp-json\/wp\/v2\/media?parent=340"}],"curies":[{"name":"wp","href":"https:\/\/api.w.org\/{rel}","templated":true}]}}