{"id":38,"date":"2019-02-26T11:11:49","date_gmt":"2019-02-26T11:11:49","guid":{"rendered":"https:\/\/holgerspexet-public.lysator.liu.se\/?page_id=38"},"modified":"2022-11-04T10:53:30","modified_gmt":"2022-11-04T10:53:30","slug":"tidigare-spex","status":"publish","type":"page","link":"https:\/\/holgerspexet.se\/index.php\/om-holgerspexet\/tidigare-spex\/","title":{"rendered":"Tidigare spex"},"content":{"rendered":"\n<h4 class=\"wp-block-heading\">Klicka p\u00e5 spextitlarna f\u00f6r att l\u00e4sa mer om varje spex!<\/h4>\n\n\n\n<p><\/p>\n\n\n\n<div class=\"wp-block-media-text alignwide is-stacked-on-mobile\" style=\"grid-template-columns:32% auto\"><figure class=\"wp-block-media-text__media\"><img fetchpriority=\"high\" decoding=\"async\" width=\"1500\" height=\"1500\" src=\"https:\/\/holgerspexet.se\/wp-content\/uploads\/2022\/11\/Instagram-mindre.jpg\" alt=\"\" class=\"wp-image-1781 size-full\"\/><\/figure><div class=\"wp-block-media-text__content\">\n<h4 class=\"wp-block-heading\">2022: <a href=\"https:\/\/holgerspexet.se\/index.php\/om-holgerspexet\/tidigare-spex\/arets-spex\/\" data-type=\"page\" data-id=\"1771\">Balsamering f\u00f6r s(j)\u00e4len<\/a><\/h4>\n\n\n\n<p><\/p>\n<\/div><\/div>\n\n\n\n<p><\/p>\n\n\n\n<div class=\"wp-block-media-text alignwide is-stacked-on-mobile\" style=\"grid-template-columns:32% auto\"><figure class=\"wp-block-media-text__media\"><img decoding=\"async\" width=\"2477\" height=\"2478\" src=\"https:\/\/holgerspexet.se\/wp-content\/uploads\/2021\/11\/2021_Stockholmsutskallningen_affisch.jpg\" alt=\"\" class=\"wp-image-1680 size-full\"\/><\/figure><div class=\"wp-block-media-text__content\">\n<h4 class=\"wp-block-heading\">2021: <a href=\"https:\/\/holgerspexet.se\/index.php\/om-holgerspexet\/tidigare-spex\/2021-stockholmsutskallningen-1866\/\" data-type=\"page\" data-id=\"8\">Stockholmsutsk\u00e4llningen 1866<\/a><\/h4>\n\n\n\n<p><\/p>\n<\/div><\/div>\n\n\n\n<p><\/p>\n\n\n\n<div class=\"wp-block-media-text alignwide is-stacked-on-mobile\" style=\"grid-template-columns:32% auto\"><figure class=\"wp-block-media-text__media\"><img decoding=\"async\" width=\"618\" height=\"618\" src=\"https:\/\/holgerspexet.se\/wp-content\/uploads\/2019\/11\/Capture.jpg\" alt=\"\" class=\"wp-image-1472 size-full\"\/><\/figure><div class=\"wp-block-media-text__content\">\n<h4 class=\"wp-block-heading\">2019: <a href=\"https:\/\/holgerspexet.se\/index.php\/om-holgerspexet\/tidigare-spex\/2019-mesopotamien\/\">Mesopotamien<\/a><\/h4>\n\n\n\n<p>Det \u00e4r l\u00e4nge sedan och p\u00e5 sl\u00e4tterna mellan floderna Eufrat och Tigris har en grupp m\u00e4nniskor \u00f6vergett det nomadiska livet f\u00f6r att stanna p\u00e5 samma plats&#8230;<\/p>\n<\/div><\/div>\n\n\n\n<p><\/p>\n\n\n\n<div class=\"wp-block-media-text alignwide is-stacked-on-mobile\" style=\"grid-template-columns:32% auto\"><figure class=\"wp-block-media-text__media\"><img loading=\"lazy\" decoding=\"async\" width=\"718\" height=\"718\" src=\"https:\/\/holgerspexet-public.lysator.liu.se\/wp-content\/uploads\/2019\/02\/2018.jpg\" alt=\"\" class=\"wp-image-84 size-full\"\/><\/figure><div class=\"wp-block-media-text__content\">\n<h4 class=\"wp-block-heading\">2018: <a href=\"https:\/\/holgerspexet.se\/index.php\/om-holgerspexet\/tidigare-spex\/2018-engelbrexit-eller-kalmarunionen-i-farozonen\/\">Engelbrexit<\/a><\/h4>\n\n\n\n<p>\u00c5ret \u00e4r 1434 och Kalmarunionen skakas av den folkk\u00e4ra drottningen Margaretas pl\u00f6tsliga d\u00f6d. Margareta \u00e4r dock inte redo att l\u00e4mna \u00f6ver tronen&#8230; <\/p>\n<\/div><\/div>\n\n\n\n<p><\/p>\n\n\n\n<div class=\"wp-block-media-text alignwide is-stacked-on-mobile\" style=\"grid-template-columns:32% auto\"><figure class=\"wp-block-media-text__media\"><img loading=\"lazy\" decoding=\"async\" width=\"637\" height=\"636\" src=\"https:\/\/holgerspexet-public.lysator.liu.se\/wp-content\/uploads\/2019\/02\/2017.jpg\" alt=\"\" class=\"wp-image-82 size-full\"\/><\/figure><div class=\"wp-block-media-text__content\">\n<h4 class=\"wp-block-heading\">2017: <a href=\"https:\/\/holgerspexet.se\/index.php\/om-holgerspexet\/tidigare-spex\/2017-vlad-helsing-checkar-in\/\">Vlad Helsing checkar in<\/a><\/h4>\n\n\n\n<p>Vampyrj\u00e4garen, och tillika vampyren, Vlad Helsing reser tillsammans med sin dotter Bella till det avl\u00e4gsna hotellet Bran i Transylvanien&#8230;<\/p>\n<\/div><\/div>\n\n\n\n<p><\/p>\n\n\n\n<div class=\"wp-block-media-text alignwide is-stacked-on-mobile\" style=\"grid-template-columns:32% auto\"><figure class=\"wp-block-media-text__media\"><img loading=\"lazy\" decoding=\"async\" width=\"798\" height=\"798\" src=\"https:\/\/holgerspexet-public.lysator.liu.se\/wp-content\/uploads\/2019\/03\/2017-sm.jpg\" alt=\"\" class=\"wp-image-637 size-full\"\/><\/figure><div class=\"wp-block-media-text__content\">\n<h4 class=\"wp-block-heading\">2017: <a href=\"https:\/\/holgerspexet.se\/index.php\/om-holgerspexet\/tidigare-spex\/2017-spex-sm-revolutionarerna-en-tramsatlantsik-historia\/\">Revolution\u00e4rerna (Spex-SM)<\/a><\/h4>\n\n\n\n<p>Historien tar sin b\u00f6rjan i Frankrike, d\u00e4r Axel von Fersen g\u00f6r sig redo att fara till Amerika f\u00f6r att genomf\u00f6ra \u201cfredsframtvingande aktiviteter\u201d&#8230; <\/p>\n<\/div><\/div>\n\n\n\n<p><\/p>\n\n\n\n<div class=\"wp-block-media-text alignwide is-stacked-on-mobile\" style=\"grid-template-columns:32% auto\"><figure class=\"wp-block-media-text__media\"><img loading=\"lazy\" decoding=\"async\" width=\"636\" height=\"637\" src=\"https:\/\/holgerspexet-public.lysator.liu.se\/wp-content\/uploads\/2019\/02\/2016-1.jpg\" alt=\"\" class=\"wp-image-83 size-full\"\/><\/figure><div class=\"wp-block-media-text__content\">\n<h4 class=\"wp-block-heading\">2016: <a href=\"https:\/\/holgerspexet.se\/index.php\/om-holgerspexet\/tidigare-spex\/2016-tsar-du-revolution\/\">Tsar du revolution?<\/a><\/h4>\n\n\n\n<p>F\u00f6r att minska Rysslands chanser i kriget anl\u00e4nder den tyske spionen Vladimir Lenin till Petrograd, med siktet inst\u00e4llt p\u00e5 att hj\u00e4lpa revolution\u00e4rerna att st\u00f6rta Tsaren&#8230;<\/p>\n<\/div><\/div>\n\n\n\n<p><\/p>\n\n\n\n<div class=\"wp-block-media-text alignwide is-stacked-on-mobile\" style=\"grid-template-columns:32% auto\"><figure class=\"wp-block-media-text__media\"><img loading=\"lazy\" decoding=\"async\" width=\"669\" height=\"669\" src=\"https:\/\/holgerspexet-public.lysator.liu.se\/wp-content\/uploads\/2019\/03\/2015.jpg\" alt=\"\" class=\"wp-image-412 size-full\"\/><\/figure><div class=\"wp-block-media-text__content\">\n<h4 class=\"wp-block-heading\">2015: <a href=\"https:\/\/holgerspexet.se\/index.php\/om-holgerspexet\/tidigare-spex\/2015-2\/\">Brynhilde och draken<\/a><\/h4>\n\n\n\n<p>Hj\u00e4ltinnan Brynhilde \u00e5terv\u00e4nder till Valhall efter sina resor och stord\u00e5d runt Jorden, bara f\u00f6r att uppt\u00e4cka att hon p\u00e5 hemmaplan \u00e4r helt ok\u00e4nd&#8230;<\/p>\n<\/div><\/div>\n\n\n\n<p><\/p>\n\n\n\n<div class=\"wp-block-media-text alignwide is-stacked-on-mobile\" style=\"grid-template-columns:32% auto\"><figure class=\"wp-block-media-text__media\"><img loading=\"lazy\" decoding=\"async\" width=\"681\" height=\"681\" src=\"https:\/\/holgerspexet-public.lysator.liu.se\/wp-content\/uploads\/2019\/03\/2014.jpg\" alt=\"\" class=\"wp-image-414 size-full\"\/><\/figure><div class=\"wp-block-media-text__content\">\n<h4 class=\"wp-block-heading\">2014: <a href=\"https:\/\/holgerspexet.se\/index.php\/om-holgerspexet\/tidigare-spex\/2014-2\/\">Gangstern p\u00e5 Stj\u00e4rnornas krog<\/a><\/h4>\n\n\n\n<p>I f\u00f6rudstidens New York g\u00e5r det d\u00e5ligt f\u00f6r restaurang\u00e4garen V. Ejder och hans Stj\u00e4rnornas krog. K\u00f6ttgalne k\u00f6kschefen Gordon Morberg dubbelspelar f\u00f6r maffian under t\u00e4cknamnet Feta Bob&#8230; <\/p>\n<\/div><\/div>\n\n\n\n<p><\/p>\n\n\n\n<div class=\"wp-block-media-text alignwide is-stacked-on-mobile\" style=\"grid-template-columns:32% auto\"><figure class=\"wp-block-media-text__media\"><img loading=\"lazy\" decoding=\"async\" width=\"722\" height=\"722\" src=\"https:\/\/holgerspexet-public.lysator.liu.se\/wp-content\/uploads\/2019\/03\/2013.jpg\" alt=\"\" class=\"wp-image-415 size-full\"\/><\/figure><div class=\"wp-block-media-text__content\">\n<h4 class=\"wp-block-heading\">2013: <a href=\"https:\/\/holgerspexet.se\/index.php\/om-holgerspexet\/tidigare-spex\/2013-2\/\">Drottning Kristina och jakten p\u00e5 dr\u00f6mprinsen<\/a><\/h4>\n\n\n\n<p>P\u00e5 Stockholms slott f\u00f6rsummar Drottning Kristina sitt arbete i v\u00e4ntan p\u00e5 dr\u00f6mprinsens ankomst, uppassad av den k\u00e4rlekskranka men blyga Axel Oxenstierna&#8230;<\/p>\n<\/div><\/div>\n\n\n\n<p><\/p>\n\n\n\n<div class=\"wp-block-media-text alignwide is-stacked-on-mobile\" style=\"grid-template-columns:32% auto\"><figure class=\"wp-block-media-text__media\"><img loading=\"lazy\" decoding=\"async\" width=\"643\" height=\"644\" src=\"https:\/\/holgerspexet-public.lysator.liu.se\/wp-content\/uploads\/2019\/03\/baskerville2012.jpg\" alt=\"\" class=\"wp-image-752 size-full\"\/><\/figure><div class=\"wp-block-media-text__content\">\n<h4 class=\"wp-block-heading\">2012: <a href=\"https:\/\/holgerspexet.se\/index.php\/om-holgerspexet\/tidigare-spex\/2012-basker-villes-hund\/\">Basker-Villes hund<\/a><\/h4>\n\n\n\n<p>Ett gifterm\u00e5l stundar i juletid hemma hos familjen Ketchup i en \u00f6verklassboning i London i slutet av 1800-talet. Brudgummen Jacob Marley \u00e4r egentligen i maskopi med pr\u00e4sten fader Nikolaus&#8230; <\/p>\n<\/div><\/div>\n\n\n\n<p><\/p>\n\n\n\n<div class=\"wp-block-media-text alignwide is-stacked-on-mobile\" style=\"grid-template-columns:32% auto\"><figure class=\"wp-block-media-text__media\"><img loading=\"lazy\" decoding=\"async\" width=\"635\" height=\"634\" src=\"https:\/\/holgerspexet-public.lysator.liu.se\/wp-content\/uploads\/2019\/03\/549209_287496601344528_1137266850_n-1.jpg\" alt=\"\" class=\"wp-image-838 size-full\"\/><\/figure><div class=\"wp-block-media-text__content\">\n<h4 class=\"wp-block-heading\">2012: <a href=\"https:\/\/holgerspexet.se\/index.php\/om-holgerspexet\/tidigare-spex\/2012-spex-sm-varldsomstallningen-i-paris\/\">V\u00e4rldsomst\u00e4llningen i Paris (Spex-SM)<\/a><\/h4>\n\n\n\n<p>I V\u00e4rldsomst\u00e4llningen i Paris m\u00f6ter vi den onda Marguerite Bonaparte, Napoleons \u00e4ttling i rakt snedstigande led, som genom sin korkade och l\u00e4ttledde man Georges Boulanger f\u00f6rs\u00f6ker ta makten i Paris&#8230;<\/p>\n<\/div><\/div>\n\n\n\n<p><\/p>\n\n\n\n<div class=\"wp-block-media-text alignwide is-stacked-on-mobile\" style=\"grid-template-columns:32% auto\"><figure class=\"wp-block-media-text__media\"><img loading=\"lazy\" decoding=\"async\" width=\"696\" height=\"696\" src=\"https:\/\/holgerspexet-public.lysator.liu.se\/wp-content\/uploads\/2019\/03\/mozartochbeethoven2011.jpg\" alt=\"\" class=\"wp-image-755 size-full\"\/><\/figure><div class=\"wp-block-media-text__content\">\n<h4 class=\"wp-block-heading\">2011: <a href=\"https:\/\/holgerspexet.se\/index.php\/om-holgerspexet\/tidigare-spex\/2011-mozart-beethoven\/\">Mozart &amp; Beethoven<\/a><\/h4>\n\n\n\n<p>Vid hovet i Wien har kejsarinnan Maria beslutat att anst\u00e4lla en hovkomposit\u00f6rsl\u00e4rling. Bland de s\u00f6kande finns Mozart, vars uppenbara talang imponerar stort p\u00e5 kulturr\u00e5dgivaren greve von Strag\u00e9&#8230;&nbsp; <\/p>\n<\/div><\/div>\n\n\n\n<p><\/p>\n\n\n\n<div class=\"wp-block-media-text alignwide is-stacked-on-mobile\" style=\"grid-template-columns:32% auto\"><figure class=\"wp-block-media-text__media\"><img loading=\"lazy\" decoding=\"async\" width=\"675\" height=\"676\" src=\"https:\/\/holgerspexet-public.lysator.liu.se\/wp-content\/uploads\/2019\/03\/oidipus2010.jpg\" alt=\"\" class=\"wp-image-758 size-full\"\/><\/figure><div class=\"wp-block-media-text__content\">\n<h4 class=\"wp-block-heading\">2010: <a href=\"https:\/\/holgerspexet.se\/index.php\/om-holgerspexet\/tidigare-spex\/2010-oidipus-en-komplex-historia\/\">Oidipus &#8211; en komplex historia<\/a><\/h4>\n\n\n\n<p>Prins Akilles vill ta \u00f6ver makten i Thebe. Han t\u00e4nker avs\u00e4tta sin bror, den motvilligt regerande kung Oidipus, genom att f\u00e5 honom att g\u00f6ra n\u00e5got som folket inte kan tolerera&#8230;<\/p>\n<\/div><\/div>\n\n\n\n<p><\/p>\n\n\n\n<div class=\"wp-block-media-text alignwide is-stacked-on-mobile\" style=\"grid-template-columns:32% auto\"><figure class=\"wp-block-media-text__media\"><img loading=\"lazy\" decoding=\"async\" width=\"799\" height=\"800\" src=\"https:\/\/holgerspexet-public.lysator.liu.se\/wp-content\/uploads\/2019\/03\/motkantenavatlanten2009.jpg\" alt=\"\" class=\"wp-image-765 size-full\"\/><\/figure><div class=\"wp-block-media-text__content\">\n<h4 class=\"wp-block-heading\">2009: <a href=\"https:\/\/holgerspexet.se\/index.php\/om-holgerspexet\/tidigare-spex\/2009-mot-kanten-av-atlanten\/\">Mot kanten av Atlanten<\/a><\/h4>\n\n\n\n<p>Konungarikets kryddreserver b\u00f6rjar sina och leveranserna dr\u00f6jer. Kung Ferdinand av Spanien skickar d\u00e4rf\u00f6r iv\u00e4g sin gode v\u00e4n Kapten Nemo sj\u00f6v\u00e4gen till Indien f\u00f6r att handla kryddor. Till kapten Nemos bes\u00e4ttning s\u00f6ker tre omaka karakt\u00e4rer&#8230;&nbsp; <\/p>\n<\/div><\/div>\n\n\n\n<p><\/p>\n\n\n\n<div class=\"wp-block-media-text alignwide is-stacked-on-mobile\" style=\"grid-template-columns:32% auto\"><figure class=\"wp-block-media-text__media\"><img loading=\"lazy\" decoding=\"async\" width=\"768\" height=\"768\" src=\"https:\/\/holgerspexet-public.lysator.liu.se\/wp-content\/uploads\/2019\/03\/gustavIII2008.jpg\" alt=\"\" class=\"wp-image-766 size-full\"\/><\/figure><div class=\"wp-block-media-text__content\">\n<h4 class=\"wp-block-heading\">2008: <a href=\"https:\/\/holgerspexet.se\/index.php\/om-holgerspexet\/tidigare-spex\/2008-gustav-iii\/\">Gustav III<\/a><\/h4>\n\n\n\n<p>Gustav, kung av Sverige, vantrivs p\u00e5 jobbet. Allt g\u00e5r ut p\u00e5 att regera och best\u00e4mma, men Gustav tycker mycket b\u00e4ttre om att sjunga, spela och skriva visor. Gustavs fru, drottning Sofia Magdalena, tycker d\u00e4remot v\u00e4ldigt mycket om att regera och best\u00e4mma&#8230; <\/p>\n<\/div><\/div>\n\n\n\n<p><\/p>\n\n\n\n<div class=\"wp-block-media-text alignwide is-stacked-on-mobile\" style=\"grid-template-columns:32% auto\"><figure class=\"wp-block-media-text__media\"><img loading=\"lazy\" decoding=\"async\" width=\"794\" height=\"793\" src=\"https:\/\/holgerspexet-public.lysator.liu.se\/wp-content\/uploads\/2019\/03\/arthur2007.jpg\" alt=\"\" class=\"wp-image-767 size-full\"\/><\/figure><div class=\"wp-block-media-text__content\">\n<h4 class=\"wp-block-heading\">2007: <a href=\"https:\/\/holgerspexet.se\/index.php\/om-holgerspexet\/tidigare-spex\/2007-arthur\/\">Arthur<\/a><\/h4>\n\n\n\n<p>I slottet Camelot verkar allt vara frid och fr\u00f6jd, men under ytan bubblar problemen. Merlins trollstav har kommit bort, s\u00e5 hans magiska krafter \u00e4r borta. Arthur har ekonomiska problem, och de blir inte b\u00e4ttre av att hans hustru Geni-Vera st\u00e4ndigt ordnar dyra fester och galamiddagar&#8230; <\/p>\n<\/div><\/div>\n\n\n\n<p><\/p>\n\n\n\n<div class=\"wp-block-media-text alignwide is-stacked-on-mobile\" style=\"grid-template-columns:32% auto\"><figure class=\"wp-block-media-text__media\"><img loading=\"lazy\" decoding=\"async\" width=\"658\" height=\"658\" src=\"https:\/\/holgerspexet-public.lysator.liu.se\/wp-content\/uploads\/2019\/03\/lucifer2006.jpg\" alt=\"\" class=\"wp-image-768 size-full\"\/><\/figure><div class=\"wp-block-media-text__content\">\n<h4 class=\"wp-block-heading\">2006: <a href=\"https:\/\/holgerspexet.se\/index.php\/om-holgerspexet\/tidigare-spex\/2006-lucifer\/\">Lucifer &#8211; en skaplig historia<\/a><\/h4>\n\n\n\n<p>Nytt \u00e5r \u2013 ny religion. P\u00e5 det hypermoderna Eden Office slipade \u00e4rke\u00e4nglarna Gabriel och Lucifer p\u00e5 det sista i skapelsen medan Gud tog ut flex p\u00e5 sjunde dagen. Tyv\u00e4rr var den senaste kreationen, Projekt M (m\u00e4nniskan), utrustad med en fri vilja&#8230;&nbsp; <\/p>\n<\/div><\/div>\n\n\n\n<p><\/p>\n\n\n\n<div class=\"wp-block-media-text alignwide is-stacked-on-mobile\" style=\"grid-template-columns:32% auto\"><figure class=\"wp-block-media-text__media\"><img loading=\"lazy\" decoding=\"async\" width=\"755\" height=\"755\" src=\"https:\/\/holgerspexet-public.lysator.liu.se\/wp-content\/uploads\/2019\/03\/ramojiochjamila2005.jpg\" alt=\"\" class=\"wp-image-769 size-full\"\/><\/figure><div class=\"wp-block-media-text__content\">\n<h4 class=\"wp-block-heading\">2005: <a href=\"https:\/\/holgerspexet.se\/index.php\/om-holgerspexet\/tidigare-spex\/2005-ramoji-jamila\/\">Ramoji &amp; Jamila<\/a><\/h4>\n\n\n\n<p>D\u00f6dsfall och k\u00e4rlek tog vi med oss till 2005 \u00e5rs Holgerspex, d\u00e4r rickshawpojken, bartendern och allt-i-allon Wikram Sheikspahare (senare k\u00e4nd som William Shakespeare) fick bevittna en vacker men olycklig k\u00e4rleksaff\u00e4r i Bombay&#8230;<\/p>\n<\/div><\/div>\n\n\n\n<p><\/p>\n\n\n\n<div class=\"wp-block-media-text alignwide is-stacked-on-mobile\" style=\"grid-template-columns:32% auto\"><figure class=\"wp-block-media-text__media\"><img loading=\"lazy\" decoding=\"async\" width=\"607\" height=\"607\" src=\"https:\/\/holgerspexet-public.lysator.liu.se\/wp-content\/uploads\/2019\/03\/colakrisen2004.jpg\" alt=\"\" class=\"wp-image-775 size-full\"\/><\/figure><div class=\"wp-block-media-text__content\">\n<h4 class=\"wp-block-heading\">2004: <a href=\"https:\/\/holgerspexet.se\/index.php\/om-holgerspexet\/tidigare-spex\/2004-colakrisen\/\">Colakrisen<\/a><\/h4>\n\n\n\n<p>Holgers historiska vandring gjorde under 2004 ett nedslag i 1960-talet och det kalla kriget. USA:s president Ian Friterad K\u00e4nnerdej k\u00e4mpade mot sin ryske kollega Niquitita Kryssk\u00e4ft om s\u00e5v\u00e4l coladrycksmonopolet som segern i korrespondansschack&#8230;<\/p>\n<\/div><\/div>\n\n\n\n<p><\/p>\n\n\n\n<div class=\"wp-block-media-text alignwide is-stacked-on-mobile\" style=\"grid-template-columns:32% auto\"><figure class=\"wp-block-media-text__media\"><img loading=\"lazy\" decoding=\"async\" width=\"784\" height=\"784\" src=\"https:\/\/holgerspexet-public.lysator.liu.se\/wp-content\/uploads\/2019\/03\/wyattearp2003.jpg\" alt=\"\" class=\"wp-image-770 size-full\"\/><\/figure><div class=\"wp-block-media-text__content\">\n<h4 class=\"wp-block-heading\">2003: <a href=\"https:\/\/holgerspexet.se\/index.php\/om-holgerspexet\/tidigare-spex\/2003-wyatt-earp\/\">Wyatt Earp<\/a><\/h4>\n\n\n\n<p>I det sj\u00e4tte spexet Holgerspexet, Wyatt Earp, skedde det f\u00f6rsta d\u00f6dsfallet oerh\u00f6rt snabbt. Innan scen ett var \u00f6ver hade Bosse Bandit redan skjutit ner tre\u2026PANG!..fyra av staden Tombstones pl\u00e5gade inv\u00e5nare. S\u00e5dan tur att den pensionerade westernhj\u00e4lten Wyatt Earp strax d\u00e4refter anl\u00e4nde\u2026 <\/p>\n<\/div><\/div>\n\n\n\n<p><\/p>\n\n\n\n<div class=\"wp-block-media-text alignwide is-stacked-on-mobile\" style=\"grid-template-columns:32% auto\"><figure class=\"wp-block-media-text__media\"><img loading=\"lazy\" decoding=\"async\" width=\"779\" height=\"779\" src=\"https:\/\/holgerspexet-public.lysator.liu.se\/wp-content\/uploads\/2019\/03\/denf\u00f6rbannademumien2002.jpg\" alt=\"\" class=\"wp-image-773 size-full\"\/><\/figure><div class=\"wp-block-media-text__content\">\n<h4 class=\"wp-block-heading\">2002: <a href=\"https:\/\/holgerspexet.se\/index.php\/om-holgerspexet\/tidigare-spex\/2002-den-forbannade-mumien\/\">Den f\u00f6rbannade mumien<\/a><\/h4>\n\n\n\n<p>Skattefusk \u00e4r en tidl\u00f6s trend, men f\u00f6rut var det enklare f\u00f6r makthavare att komma undan med det. Som p\u00e5 100-talet f\u00f6re Kristus till exempel. Julius Caesar var d\u00e5 Romarrikets starke man och vi kan vara f\u00f6rvissade om att han nolldeklarerade&#8230; <\/p>\n<\/div><\/div>\n\n\n\n<p><\/p>\n\n\n\n<div class=\"wp-block-media-text alignwide is-stacked-on-mobile\" style=\"grid-template-columns:32% auto\"><figure class=\"wp-block-media-text__media\"><img loading=\"lazy\" decoding=\"async\" width=\"2981\" height=\"2982\" src=\"https:\/\/holgerspexet-public.lysator.liu.se\/wp-content\/uploads\/2019\/03\/20190323_160309.jpg\" alt=\"\" class=\"wp-image-842 size-full\"\/><\/figure><div class=\"wp-block-media-text__content\">\n<h4 class=\"wp-block-heading\">2001: <a href=\"https:\/\/holgerspexet.se\/index.php\/om-holgerspexet\/tidigare-spex\/2001-al-capone\/\">Al Capone<\/a><\/h4>\n\n\n\n<p>I det fj\u00e4rde spexet Holgerspexet, <em>Al Capone<\/em>, beger sig v\u00e5ra spexande v\u00e4nner till Chicago och en tid d\u00e5 nattvardsvin inte fick s\u00e4ljas \u00f6ppet och skrupelfria gangstrar levde gott p\u00e5 att s\u00e4lja smuggelsprit dyrt&#8230;<\/p>\n<\/div><\/div>\n\n\n\n<p><\/p>\n\n\n\n<div class=\"wp-block-media-text alignwide is-stacked-on-mobile\" style=\"grid-template-columns:32% auto\"><figure class=\"wp-block-media-text__media\"><img loading=\"lazy\" decoding=\"async\" width=\"464\" height=\"464\" src=\"https:\/\/holgerspexet-public.lysator.liu.se\/wp-content\/uploads\/2019\/04\/53365804_2199457000077224_2207590057450143744_n.jpg\" alt=\"\" class=\"wp-image-928 size-full\"\/><\/figure><div class=\"wp-block-media-text__content\">\n<h4 class=\"wp-block-heading\">2000: <a href=\"https:\/\/holgerspexet.se\/index.php\/om-holgerspexet\/tidigare-spex\/2000-ansgar\/\">Ansgar<\/a><\/h4>\n\n\n\n<p>Spexets tredje seglats gick till Birka.&nbsp;<em>Ansgar<\/em> handlade om livets n\u00f6dtorft \u2013 mat och mening. \u201cVem ska jag tro p\u00e5?\u201d, var birkabons villr\u00e5diga fr\u00e5ga n\u00e4r tv\u00e5 religioner, asatro och&#8230;<\/p>\n<\/div><\/div>\n\n\n\n<p><\/p>\n\n\n\n<div class=\"wp-block-media-text alignwide is-stacked-on-mobile\" style=\"grid-template-columns:32% auto\"><figure class=\"wp-block-media-text__media\"><img loading=\"lazy\" decoding=\"async\" width=\"2837\" height=\"2837\" src=\"https:\/\/holgerspexet-public.lysator.liu.se\/wp-content\/uploads\/2019\/03\/20190328_160808.jpg\" alt=\"\" class=\"wp-image-876 size-full\"\/><\/figure><div class=\"wp-block-media-text__content\">\n<h4 class=\"wp-block-heading\" id=\"mce_21\">1999: <a href=\"https:\/\/holgerspexet.se\/index.php\/om-holgerspexet\/tidigare-spex\/1999-o-du-e-sen\/\">O-du-\u00e9-sen<\/a><\/h4>\n\n\n\n<p>Titeln <em>O-du-\u00e9-sen<\/em> f\u00e5ngar Penelopes frustration \u00f6ver att maken Odysseus aldrig kommer hem fr\u00e5n slaget vid Troja. Sol-och-v\u00e5raren Odysseus seglar&#8230; <\/p>\n<\/div><\/div>\n\n\n\n<p><\/p>\n\n\n\n<div class=\"wp-block-media-text alignwide is-stacked-on-mobile\" style=\"grid-template-columns:32% auto\"><figure class=\"wp-block-media-text__media\"><img loading=\"lazy\" decoding=\"async\" width=\"1989\" height=\"1990\" src=\"https:\/\/holgerspexet.se\/wp-content\/uploads\/2019\/04\/20190410_1746112.jpg\" alt=\"\" class=\"wp-image-1221 size-full\"\/><\/figure><div class=\"wp-block-media-text__content\">\n<h4 class=\"wp-block-heading\">1998: <a href=\"https:\/\/holgerspexet.se\/index.php\/om-holgerspexet\/tidigare-spex\/1998-slaganfallet-vid-stangebro\/\">Slaganfallet vid St\u00e5ngebro<\/a><\/h4>\n\n\n\n<p>Holgerspexets urupps\u00e4ttning utspelade sig s\u00e5 n\u00e4ra Forumteatern att man fr\u00e5n \u00e5sk\u00e5darplats s\u00e4kert skulle kunna ha h\u00f6rt larmet fr\u00e5n Sveriges sista inb\u00f6rdeskrig&#8230; <\/p>\n<\/div><\/div>\n","protected":false},"excerpt":{"rendered":"<p>Klicka p\u00e5 spextitlarna f\u00f6r att l\u00e4sa mer om varje spex! 2022: Balsamering f\u00f6r s(j)\u00e4len 2021: Stockholmsutsk\u00e4llningen 1866 2019: Mesopotamien Det \u00e4r l\u00e4nge sedan och p\u00e5 sl\u00e4tterna mellan floderna Eufrat och Tigris har en grupp m\u00e4nniskor \u00f6vergett det nomadiska livet f\u00f6r att stanna p\u00e5 samma plats&#8230; 2018: Engelbrexit \u00c5ret \u00e4r 1434 och Kalmarunionen skakas av den folkk\u00e4ra drottningen Margaretas pl\u00f6tsliga d\u00f6d. Margareta \u00e4r dock inte redo att l\u00e4mna \u00f6ver tronen&#8230; 2017: Vlad Helsing checkar in Vampyrj\u00e4garen, och tillika vampyren, Vlad Helsing reser tillsammans med sin dotter Bella till det avl\u00e4gsna hotellet Bran i Transylvanien&#8230; 2017: Revolution\u00e4rerna (Spex-SM) Historien tar sin b\u00f6rjan i Frankrike, d\u00e4r Axel von Fersen g\u00f6r sig redo att fara till Amerika f\u00f6r att genomf\u00f6ra \u201cfredsframtvingande aktiviteter\u201d&#8230; 2016: Tsar du revolution? F\u00f6r att minska Rysslands chanser i kriget anl\u00e4nder den tyske spionen Vladimir Lenin till Petrograd, med siktet inst\u00e4llt p\u00e5 att hj\u00e4lpa revolution\u00e4rerna att st\u00f6rta Tsaren&#8230; 2015: Brynhilde och&hellip;<\/p>\n<p> <a class=\"more-link\" href=\"https:\/\/holgerspexet.se\/index.php\/om-holgerspexet\/tidigare-spex\/\">Read more<\/a><\/p>\n","protected":false},"author":9,"featured_media":0,"parent":9,"menu_order":3,"comment_status":"closed","ping_status":"closed","template":"","meta":{"inline_featured_image":false,"footnotes":""},"class_list":["post-38","page","type-page","status-publish"],"_links":{"self":[{"href":"https:\/\/holgerspexet.se\/index.php\/wp-json\/wp\/v2\/pages\/38","targetHints":{"allow":["GET"]}}],"collection":[{"href":"https:\/\/holgerspexet.se\/index.php\/wp-json\/wp\/v2\/pages"}],"about":[{"href":"https:\/\/holgerspexet.se\/index.php\/wp-json\/wp\/v2\/types\/page"}],"author":[{"embeddable":true,"href":"https:\/\/holgerspexet.se\/index.php\/wp-json\/wp\/v2\/users\/9"}],"replies":[{"embeddable":true,"href":"https:\/\/holgerspexet.se\/index.php\/wp-json\/wp\/v2\/comments?post=38"}],"version-history":[{"count":127,"href":"https:\/\/holgerspexet.se\/index.php\/wp-json\/wp\/v2\/pages\/38\/revisions"}],"predecessor-version":[{"id":1944,"href":"https:\/\/holgerspexet.se\/index.php\/wp-json\/wp\/v2\/pages\/38\/revisions\/1944"}],"up":[{"embeddable":true,"href":"https:\/\/holgerspexet.se\/index.php\/wp-json\/wp\/v2\/pages\/9"}],"wp:attachment":[{"href":"https:\/\/holgerspexet.se\/index.php\/wp-json\/wp\/v2\/media?parent=38"}],"curies":[{"name":"wp","href":"https:\/\/api.w.org\/{rel}","templated":true}]}}